Last updated on 2025-05-10 14:52:16 CEST.
Flavor | Version | Tinstall | Tcheck | Ttotal | Status | Flags |
---|---|---|---|---|---|---|
r-devel-linux-x86_64-debian-clang | 0.10.0 | 9.38 | 223.77 | 233.15 | NOTE | |
r-devel-linux-x86_64-debian-gcc | 0.10.0 | 5.63 | 157.30 | 162.93 | NOTE | |
r-devel-linux-x86_64-fedora-clang | 0.10.0 | 366.89 | NOTE | |||
r-devel-linux-x86_64-fedora-gcc | 0.10.0 | 419.40 | NOTE | |||
r-devel-windows-x86_64 | 0.10.0 | 9.00 | 187.00 | 196.00 | NOTE | |
r-patched-linux-x86_64 | 0.10.0 | 8.69 | 217.83 | 226.52 | NOTE | |
r-release-linux-x86_64 | 0.10.0 | 8.45 | 217.70 | 226.15 | NOTE | |
r-release-macos-arm64 | 0.10.0 | 84.00 | NOTE | |||
r-release-macos-x86_64 | 0.10.0 | 166.00 | NOTE | |||
r-release-windows-x86_64 | 0.10.0 | 11.00 | 186.00 | 197.00 | NOTE | |
r-oldrel-macos-arm64 | 0.10.0 | 91.00 | OK | |||
r-oldrel-macos-x86_64 | 0.10.0 | 165.00 | OK | |||
r-oldrel-windows-x86_64 | 0.10.0 | 15.00 | 230.00 | 245.00 | OK |
Version: 0.10.0
Check: DESCRIPTION meta-information
Result: NOTE
Missing dependency on R >= 4.1.0 because package code uses the pipe
|> or function shorthand \(...) syntax added in R 4.1.0.
File(s) using such syntax:
‘basis.R’
Flavors: r-devel-linux-x86_64-debian-clang, r-devel-linux-x86_64-debian-gcc, r-devel-linux-x86_64-fedora-clang, r-devel-linux-x86_64-fedora-gcc, r-devel-windows-x86_64, r-patched-linux-x86_64, r-release-linux-x86_64, r-release-macos-arm64, r-release-macos-x86_64, r-release-windows-x86_64