CRAN Package Check Results for Package clustringr

Last updated on 2025-11-13 02:52:15 CET.

Flavor Version Tinstall Tcheck Ttotal Status Flags
r-devel-linux-x86_64-debian-clang 1.0 9.23 71.19 80.42 NOTE
r-devel-linux-x86_64-debian-gcc 1.0 6.12 49.98 56.10 NOTE
r-devel-linux-x86_64-fedora-clang 1.0 20.00 101.44 121.44 NOTE
r-devel-linux-x86_64-fedora-gcc 1.0 15.00 93.84 108.84 NOTE
r-devel-windows-x86_64 1.0 11.00 76.00 87.00 OK
r-patched-linux-x86_64 1.0 8.69 64.15 72.84 OK
r-release-linux-x86_64 1.0 8.71 63.95 72.66 OK
r-release-macos-arm64 1.0 3.00 26.00 29.00 OK
r-release-macos-x86_64 1.0 6.00 48.00 54.00 OK
r-release-windows-x86_64 1.0 9.00 73.00 82.00 OK
r-oldrel-macos-arm64 1.0 3.00 26.00 29.00 OK
r-oldrel-macos-x86_64 1.0 4.00 46.00 50.00 OK
r-oldrel-windows-x86_64 1.0 15.00 91.00 106.00 OK

Check Details

Version: 1.0
Check: CRAN incoming feasibility
Result: NOTE Maintainer: ‘Dan S. Reznik <dreznik@gmail.com>’ No Authors@R field in DESCRIPTION. Please add one, modifying Authors@R: person(given = c("Dan", "S."), family = "Reznik", role = c("aut", "cre"), email = "dreznik@gmail.com") as necessary. Flavors: r-devel-linux-x86_64-debian-clang, r-devel-linux-x86_64-debian-gcc

Version: 1.0
Check: dependencies in R code
Result: NOTE Namespace in Imports field not imported from: ‘stringi’ All declared Imports should be used. Flavors: r-devel-linux-x86_64-fedora-clang, r-devel-linux-x86_64-fedora-gcc