Last updated on 2025-05-09 07:50:51 CEST.
Flavor | Version | Tinstall | Tcheck | Ttotal | Status | Flags |
---|---|---|---|---|---|---|
r-devel-linux-x86_64-debian-clang | 1.2.1 | 7.22 | 56.54 | 63.76 | NOTE | |
r-devel-linux-x86_64-debian-gcc | 1.2.1 | 4.14 | 39.48 | 43.62 | NOTE | |
r-devel-linux-x86_64-fedora-clang | 1.2.1 | 90.78 | NOTE | |||
r-devel-linux-x86_64-fedora-gcc | 1.2.1 | 93.07 | NOTE | |||
r-devel-windows-x86_64 | 1.2.1 | 8.00 | 70.00 | 78.00 | NOTE | |
r-patched-linux-x86_64 | 1.2.1 | 7.42 | 51.08 | 58.50 | NOTE | |
r-release-linux-x86_64 | 1.2.1 | 7.23 | 52.05 | 59.28 | NOTE | |
r-release-macos-arm64 | 1.2.1 | 29.00 | NOTE | |||
r-release-macos-x86_64 | 1.2.1 | 55.00 | NOTE | |||
r-release-windows-x86_64 | 1.2.1 | 11.00 | 72.00 | 83.00 | NOTE | |
r-oldrel-macos-arm64 | 1.2.1 | 31.00 | NOTE | |||
r-oldrel-macos-x86_64 | 1.2.1 | 42.00 | NOTE | |||
r-oldrel-windows-x86_64 | 1.2.1 | 13.00 | 91.00 | 104.00 | NOTE |
Version: 1.2.1
Check: Rd files
Result: NOTE
checkRd: (-1) dtmvnom.Rd:30: Escaped LaTeX specials: \&
Flavors: r-devel-linux-x86_64-debian-clang, r-devel-linux-x86_64-debian-gcc, r-devel-linux-x86_64-fedora-clang, r-devel-linux-x86_64-fedora-gcc, r-devel-windows-x86_64, r-patched-linux-x86_64, r-release-linux-x86_64, r-release-macos-arm64, r-release-macos-x86_64, r-release-windows-x86_64, r-oldrel-macos-arm64, r-oldrel-macos-x86_64, r-oldrel-windows-x86_64