Last updated on 2025-11-01 10:49:35 CET.
| Flavor | Version | Tinstall | Tcheck | Ttotal | Status | Flags |
|---|---|---|---|---|---|---|
| r-devel-linux-x86_64-debian-clang | 1.6.2 | 13.30 | 214.52 | 227.82 | OK | |
| r-devel-linux-x86_64-debian-gcc | 1.6.2 | 8.90 | 138.57 | 147.47 | OK | |
| r-devel-linux-x86_64-fedora-clang | 1.6.2 | 58.00 | 324.89 | 382.89 | OK | |
| r-devel-linux-x86_64-fedora-gcc | 1.6.2 | 99.00 | 297.94 | 396.94 | OK | |
| r-devel-windows-x86_64 | 1.6.2 | 16.00 | 217.00 | 233.00 | OK | |
| r-patched-linux-x86_64 | 1.6.2 | 14.46 | 202.27 | 216.73 | OK | |
| r-release-linux-x86_64 | 1.6.2 | 10.09 | 199.14 | 209.23 | OK | |
| r-release-macos-arm64 | 1.6.2 | 8.00 | 127.00 | 135.00 | OK | |
| r-release-macos-x86_64 | 1.6.2 | 9.00 | 109.00 | 118.00 | OK | |
| r-release-windows-x86_64 | 1.6.2 | 16.00 | 216.00 | 232.00 | OK | |
| r-oldrel-macos-arm64 | 1.6.2 | 6.00 | 79.00 | 85.00 | NOTE | |
| r-oldrel-macos-x86_64 | 1.6.2 | 9.00 | 140.00 | 149.00 | NOTE | |
| r-oldrel-windows-x86_64 | 1.6.2 | 20.00 | 278.00 | 298.00 | NOTE |
Version: 1.6.2
Check: installed package size
Result: NOTE
installed size is 5.7Mb
sub-directories of 1Mb or more:
doc 4.3Mb
Flavors: r-oldrel-macos-arm64, r-oldrel-macos-x86_64, r-oldrel-windows-x86_64