Last updated on 2025-05-11 23:49:52 CEST.
Flavor | Version | Tinstall | Tcheck | Ttotal | Status | Flags |
---|---|---|---|---|---|---|
r-devel-linux-x86_64-debian-clang | 3.1.0 | 3.54 | 34.37 | 37.91 | NOTE | |
r-devel-linux-x86_64-debian-gcc | 3.1.0 | 2.65 | 27.08 | 29.73 | NOTE | |
r-devel-linux-x86_64-fedora-clang | 3.1.0 | 62.17 | OK | |||
r-devel-linux-x86_64-fedora-gcc | 3.1.0 | 71.99 | OK | |||
r-devel-windows-x86_64 | 3.1.0 | 5.00 | 56.00 | 61.00 | OK | |
r-patched-linux-x86_64 | 3.1.0 | 3.11 | 32.93 | 36.04 | OK | |
r-release-linux-x86_64 | 3.1.0 | 2.47 | 32.95 | 35.42 | OK | |
r-release-macos-arm64 | 3.1.0 | 38.00 | OK | |||
r-release-macos-x86_64 | 3.1.0 | 59.00 | OK | |||
r-release-windows-x86_64 | 3.1.0 | 5.00 | 56.00 | 61.00 | OK | |
r-oldrel-macos-arm64 | 3.1.0 | 46.00 | OK | |||
r-oldrel-macos-x86_64 | 3.1.0 | 41.00 | OK | |||
r-oldrel-windows-x86_64 | 3.1.0 | 5.00 | 62.00 | 67.00 | OK |
Version: 3.1.0
Check: CRAN incoming feasibility
Result: NOTE
Maintainer: ‘Taylor B. Arnold <tarnold2@richmond.edu>’
No Authors@R field in DESCRIPTION.
Please add one, modifying
Authors@R: person(given = c("Taylor", "B."),
family = "Arnold",
role = c("aut", "cre"),
email = "tarnold2@richmond.edu")
as necessary.
Flavors: r-devel-linux-x86_64-debian-clang, r-devel-linux-x86_64-debian-gcc