Last updated on 2025-10-31 23:49:06 CET.
| Flavor | Version | Tinstall | Tcheck | Ttotal | Status | Flags | 
|---|---|---|---|---|---|---|
| r-devel-linux-x86_64-debian-clang | 0.9.1 | 5.85 | 68.13 | 73.98 | OK | |
| r-devel-linux-x86_64-debian-gcc | 0.9.1 | 3.85 | 47.89 | 51.74 | OK | |
| r-devel-linux-x86_64-fedora-clang | 0.9.1 | 25.00 | 91.81 | 116.81 | OK | |
| r-devel-linux-x86_64-fedora-gcc | 0.9.1 | 37.00 | 95.54 | 132.54 | OK | |
| r-devel-windows-x86_64 | 0.9.1 | 7.00 | 88.00 | 95.00 | OK | |
| r-patched-linux-x86_64 | 0.9.1 | 5.48 | 63.27 | 68.75 | OK | |
| r-release-linux-x86_64 | 0.9.1 | 4.89 | 63.88 | 68.77 | OK | |
| r-release-macos-arm64 | 0.9.1 | 3.00 | 38.00 | 41.00 | OK | |
| r-release-macos-x86_64 | 0.9.1 | 8.00 | 106.00 | 114.00 | OK | |
| r-release-windows-x86_64 | 0.9.1 | 7.00 | 98.00 | 105.00 | OK | |
| r-oldrel-macos-arm64 | 0.9.1 | 2.00 | 46.00 | 48.00 | NOTE | |
| r-oldrel-macos-x86_64 | 0.9.1 | 4.00 | 89.00 | 93.00 | NOTE | |
| r-oldrel-windows-x86_64 | 0.9.1 | 9.00 | 115.00 | 124.00 | NOTE | 
Version: 0.9.1
Check: installed package size
Result: NOTE
    installed size is  5.7Mb
    sub-directories of 1Mb or more:
      doc   4.4Mb
Flavors: r-oldrel-macos-arm64, r-oldrel-macos-x86_64, r-oldrel-windows-x86_64