Last updated on 2025-10-31 20:48:35 CET.
| Flavor | Version | Tinstall | Tcheck | Ttotal | Status | Flags | 
|---|---|---|---|---|---|---|
| r-devel-linux-x86_64-debian-clang | 1.1 | 12.02 | 205.96 | 217.98 | NOTE | |
| r-devel-linux-x86_64-debian-gcc | 1.1 | 8.78 | 143.91 | 152.69 | NOTE | |
| r-devel-linux-x86_64-fedora-clang | 1.1 | 25.00 | 313.44 | 338.44 | NOTE | |
| r-devel-linux-x86_64-fedora-gcc | 1.1 | 24.00 | 316.11 | 340.11 | NOTE | |
| r-devel-windows-x86_64 | 1.1 | 13.00 | 187.00 | 200.00 | NOTE | |
| r-patched-linux-x86_64 | 1.1 | 11.32 | 192.20 | 203.52 | NOTE | |
| r-release-linux-x86_64 | 1.1 | 11.40 | 193.94 | 205.34 | NOTE | |
| r-release-macos-arm64 | 1.1 | 6.00 | 132.00 | 138.00 | NOTE | |
| r-release-macos-x86_64 | 1.1 | 10.00 | 170.00 | 180.00 | NOTE | |
| r-release-windows-x86_64 | 1.1 | 15.00 | 187.00 | 202.00 | NOTE | |
| r-oldrel-macos-arm64 | 1.1 | 6.00 | 91.00 | 97.00 | OK | |
| r-oldrel-macos-x86_64 | 1.1 | 14.00 | 248.00 | 262.00 | OK | |
| r-oldrel-windows-x86_64 | 1.1 | 16.00 | 270.00 | 286.00 | OK | 
Version: 1.1
Check: DESCRIPTION meta-information
Result: NOTE
    Missing dependency on R >= 4.1.0 because package code uses the pipe
    |> or function shorthand \(...) syntax added in R 4.1.0.
    File(s) using such syntax:
      ‘functions.R’
Flavors: r-devel-linux-x86_64-debian-clang, r-devel-linux-x86_64-debian-gcc, r-devel-linux-x86_64-fedora-clang, r-devel-linux-x86_64-fedora-gcc, r-devel-windows-x86_64, r-patched-linux-x86_64, r-release-linux-x86_64, r-release-macos-arm64, r-release-macos-x86_64, r-release-windows-x86_64