CRAN Package Check Results for Package chisq.posthoc.test

Last updated on 2025-05-10 14:52:16 CEST.

Flavor Version Tinstall Tcheck Ttotal Status Flags
r-devel-linux-x86_64-debian-clang 0.1.2 1.60 20.84 22.44 OK
r-devel-linux-x86_64-debian-gcc 0.1.2 1.40 17.46 18.86 OK
r-devel-linux-x86_64-fedora-clang 0.1.2 35.32 OK
r-devel-linux-x86_64-fedora-gcc 0.1.2 49.58 OK
r-devel-windows-x86_64 0.1.2 3.00 42.00 45.00 OK
r-patched-linux-x86_64 0.1.2 1.53 19.28 20.81 OK
r-release-linux-x86_64 0.1.2 1.49 19.11 20.60 OK
r-release-macos-arm64 0.1.2 22.00 OK
r-release-macos-x86_64 0.1.2 43.00 OK
r-release-windows-x86_64 0.1.2 3.00 41.00 44.00 OK
r-oldrel-macos-arm64 0.1.2 27.00 NOTE
r-oldrel-macos-x86_64 0.1.2 33.00 NOTE
r-oldrel-windows-x86_64 0.1.2 3.00 44.00 47.00 NOTE

Check Details

Version: 0.1.2
Check: LazyData
Result: NOTE 'LazyData' is specified without a 'data' directory Flavors: r-oldrel-macos-arm64, r-oldrel-macos-x86_64, r-oldrel-windows-x86_64