Last updated on 2025-09-30 23:50:56 CEST.
Flavor | Version | Tinstall | Tcheck | Ttotal | Status | Flags |
---|---|---|---|---|---|---|
r-devel-linux-x86_64-debian-clang | 0.1.3 | 1067.89 | 365.92 | 1433.81 | OK | |
r-devel-linux-x86_64-debian-gcc | 0.1.3 | 674.19 | 213.33 | 887.52 | OK | |
r-devel-linux-x86_64-fedora-clang | 0.1.3 | 16541.63 | OK | |||
r-devel-linux-x86_64-fedora-gcc | 0.1.3 | 1861.18 | OK | |||
r-devel-windows-x86_64 | 0.1.3 | 413.00 | 354.00 | 767.00 | OK | |
r-patched-linux-x86_64 | 0.1.3 | 425.87 | 313.50 | 739.37 | OK | |
r-release-linux-x86_64 | 0.1.3 | 418.21 | 322.75 | 740.96 | OK | |
r-release-macos-arm64 | 0.1.3 | 256.00 | OK | |||
r-release-macos-x86_64 | 0.1.3 | 521.00 | OK | |||
r-release-windows-x86_64 | 0.1.3 | 400.00 | 340.00 | 740.00 | OK | |
r-oldrel-macos-arm64 | 0.1.3 | 285.00 | NOTE | |||
r-oldrel-macos-x86_64 | 0.1.3 | 464.00 | NOTE | |||
r-oldrel-windows-x86_64 | 0.1.3 | 432.00 | 465.00 | 897.00 | NOTE |
Version: 0.1.3
Check: installed package size
Result: NOTE
installed size is 18.7Mb
sub-directories of 1Mb or more:
libs 16.9Mb
Flavors: r-oldrel-macos-arm64, r-oldrel-macos-x86_64, r-oldrel-windows-x86_64