Last updated on 2025-10-31 20:48:34 CET.
| Flavor | Version | Tinstall | Tcheck | Ttotal | Status | Flags | 
|---|---|---|---|---|---|---|
| r-devel-linux-x86_64-debian-clang | 1.2.0 | 210.79 | 65.08 | 275.87 | OK | |
| r-devel-linux-x86_64-debian-gcc | 1.2.0 | 190.02 | 58.43 | 248.45 | OK | |
| r-devel-linux-x86_64-fedora-clang | 1.2.0 | 407.00 | 44.44 | 451.44 | OK | |
| r-devel-linux-x86_64-fedora-gcc | 1.2.0 | 400.00 | 254.89 | 654.89 | OK | |
| r-devel-windows-x86_64 | 1.2.0 | 248.00 | 148.00 | 396.00 | OK | |
| r-patched-linux-x86_64 | 1.2.0 | 270.80 | 70.46 | 341.26 | OK | |
| r-release-linux-x86_64 | 1.2.0 | 274.54 | 70.89 | 345.43 | OK | |
| r-release-macos-arm64 | 1.2.0 | 90.00 | 107.00 | 197.00 | OK | |
| r-release-macos-x86_64 | 1.2.0 | 162.00 | 100.00 | 262.00 | OK | |
| r-release-windows-x86_64 | 1.2.0 | 258.00 | 151.00 | 409.00 | OK | |
| r-oldrel-macos-arm64 | 1.2.0 | 100.00 | 73.00 | 173.00 | NOTE | |
| r-oldrel-macos-x86_64 | 1.2.0 | 148.00 | 111.00 | 259.00 | NOTE | |
| r-oldrel-windows-x86_64 | 1.2.0 | 228.00 | 187.00 | 415.00 | NOTE | 
Version: 1.2.0
Check: installed package size
Result: NOTE
    installed size is 35.0Mb
    sub-directories of 1Mb or more:
      libs  34.1Mb
Flavors: r-oldrel-macos-arm64, r-oldrel-macos-x86_64, r-oldrel-windows-x86_64