CRAN Package Check Results for Package binseqtest

Last updated on 2025-11-01 17:48:28 CET.

Flavor Version Tinstall Tcheck Ttotal Status Flags
r-devel-linux-x86_64-debian-clang 1.0.4 5.66 39.55 45.21 NOTE
r-devel-linux-x86_64-debian-gcc 1.0.4 4.04 29.41 33.45 NOTE
r-devel-linux-x86_64-fedora-clang 1.0.4 21.00 48.62 69.62 OK
r-devel-linux-x86_64-fedora-gcc 1.0.4 78.77 OK
r-devel-windows-x86_64 1.0.4 6.00 62.00 68.00 OK
r-patched-linux-x86_64 1.0.4 5.81 37.37 43.18 OK
r-release-linux-x86_64 1.0.4 4.67 37.02 41.69 OK
r-release-macos-arm64 1.0.4 3.00 50.00 53.00 OK
r-release-macos-x86_64 1.0.4 4.00 49.00 53.00 OK
r-release-windows-x86_64 1.0.4 6.00 66.00 72.00 OK
r-oldrel-macos-arm64 1.0.4 2.00 25.00 27.00 OK
r-oldrel-macos-x86_64 1.0.4 4.00 43.00 47.00 OK
r-oldrel-windows-x86_64 1.0.4 6.00 69.00 75.00 OK

Check Details

Version: 1.0.4
Check: CRAN incoming feasibility
Result: NOTE Maintainer: ‘Michael P. Fay <mfay@niaid.nih.gov>’ No Authors@R field in DESCRIPTION. Please add one, modifying Authors@R: c(person(given = "Jenn", family = "Kirk", role = "aut"), person(given = c("Michael", "P."), family = "Fay", role = c("aut", "cre"), email = "mfay@niaid.nih.gov")) as necessary. Flavors: r-devel-linux-x86_64-debian-clang, r-devel-linux-x86_64-debian-gcc