Last updated on 2025-05-09 14:51:44 CEST.
Flavor | Version | Tinstall | Tcheck | Ttotal | Status | Flags |
---|---|---|---|---|---|---|
r-devel-linux-x86_64-debian-clang | 0.0.5 | 118.68 | 103.33 | 222.01 | OK | |
r-devel-linux-x86_64-debian-gcc | 0.0.5 | 114.62 | 85.44 | 200.06 | OK | |
r-devel-linux-x86_64-fedora-clang | 0.0.5 | 343.03 | OK | |||
r-devel-linux-x86_64-fedora-gcc | 0.0.5 | 456.73 | OK | |||
r-devel-windows-x86_64 | 0.0.5 | 144.00 | 131.00 | 275.00 | OK | |
r-patched-linux-x86_64 | 0.0.5 | 127.94 | 110.45 | 238.39 | OK | |
r-release-linux-x86_64 | 0.0.5 | 144.59 | 111.21 | 255.80 | OK | |
r-release-macos-arm64 | 0.0.5 | 92.00 | OK | |||
r-release-macos-x86_64 | 0.0.5 | 200.00 | OK | |||
r-release-windows-x86_64 | 0.0.5 | 142.00 | 130.00 | 272.00 | OK | |
r-oldrel-macos-arm64 | 0.0.5 | 92.00 | NOTE | |||
r-oldrel-macos-x86_64 | 0.0.5 | 140.00 | NOTE | |||
r-oldrel-windows-x86_64 | 0.0.5 | 161.00 | 163.00 | 324.00 | NOTE |
Version: 0.0.5
Check: installed package size
Result: NOTE
installed size is 39.3Mb
sub-directories of 1Mb or more:
libs 39.1Mb
Flavors: r-oldrel-macos-arm64, r-oldrel-macos-x86_64
Version: 0.0.5
Check: for GNU extensions in Makefiles
Result: NOTE
GNU make is a SystemRequirements.
Flavors: r-oldrel-macos-arm64, r-oldrel-macos-x86_64, r-oldrel-windows-x86_64