Last updated on 2025-05-09 19:51:50 CEST.
Flavor | Version | Tinstall | Tcheck | Ttotal | Status | Flags |
---|---|---|---|---|---|---|
r-devel-linux-x86_64-debian-clang | 7.4-4 | 18.74 | 105.73 | 124.47 | OK | |
r-devel-linux-x86_64-debian-gcc | 7.4-4 | 10.42 | 68.38 | 78.80 | OK | |
r-devel-linux-x86_64-fedora-clang | 7.4-4 | 203.11 | OK | |||
r-devel-linux-x86_64-fedora-gcc | 7.4-4 | 189.63 | OK | |||
r-devel-windows-x86_64 | 7.4-4 | 23.00 | 113.00 | 136.00 | OK | |
r-patched-linux-x86_64 | 7.4-4 | 19.07 | 100.12 | 119.19 | OK | |
r-release-linux-x86_64 | 7.4-4 | 17.98 | 100.34 | 118.32 | OK | |
r-release-macos-arm64 | 7.4-4 | 57.00 | OK | |||
r-release-macos-x86_64 | 7.4-4 | 103.00 | OK | |||
r-release-windows-x86_64 | 7.4-4 | 23.00 | 114.00 | 137.00 | OK | |
r-oldrel-macos-arm64 | 7.4-4 | 51.00 | NOTE | |||
r-oldrel-macos-x86_64 | 7.4-4 | 129.00 | NOTE | |||
r-oldrel-windows-x86_64 | 7.4-4 | 35.00 | 145.00 | 180.00 | OK |
Version: 7.4-4
Check: installed package size
Result: NOTE
installed size is 5.8Mb
sub-directories of 1Mb or more:
ex-data 4.6Mb
Flavors: r-oldrel-macos-arm64, r-oldrel-macos-x86_64