Last updated on 2025-05-10 19:50:50 CEST.
Flavor | Version | Tinstall | Tcheck | Ttotal | Status | Flags |
---|---|---|---|---|---|---|
r-devel-linux-x86_64-debian-clang | 1.0.1 | 26.25 | 707.09 | 733.34 | OK | |
r-devel-linux-x86_64-debian-gcc | 1.0.1 | 17.30 | 376.68 | 393.98 | OK | |
r-devel-linux-x86_64-fedora-clang | 1.0.1 | 1289.85 | NOTE | |||
r-devel-linux-x86_64-fedora-gcc | 1.0.1 | 1236.08 | NOTE | |||
r-devel-windows-x86_64 | 1.0.1 | 32.00 | 582.00 | 614.00 | OK | |
r-patched-linux-x86_64 | 1.0.1 | 23.36 | 671.84 | 695.20 | OK | |
r-release-linux-x86_64 | 1.0.1 | 24.52 | 666.52 | 691.04 | OK | |
r-release-macos-arm64 | 1.0.1 | 320.00 | OK | |||
r-release-macos-x86_64 | 1.0.1 | 595.00 | OK | |||
r-release-windows-x86_64 | 1.0.1 | 33.00 | 579.00 | 612.00 | OK | |
r-oldrel-macos-arm64 | 1.0.1 | 248.00 | OK | |||
r-oldrel-macos-x86_64 | 1.0.1 | 442.00 | OK | |||
r-oldrel-windows-x86_64 | 1.0.1 | 36.00 | 824.00 | 860.00 | OK |
Version: 1.0.1
Check: dependencies in R code
Result: NOTE
Namespace in Imports field not imported from: ‘ggplot2’
All declared Imports should be used.
Flavors: r-devel-linux-x86_64-fedora-clang, r-devel-linux-x86_64-fedora-gcc