CRAN Package Check Results for Package bannerCommenter

Last updated on 2025-05-11 00:49:30 CEST.

Flavor Version Tinstall Tcheck Ttotal Status Flags
r-devel-linux-x86_64-debian-clang 1.0.0 1.75 25.05 26.80 NOTE
r-devel-linux-x86_64-debian-gcc 1.0.0 1.28 20.36 21.64 NOTE
r-devel-linux-x86_64-fedora-clang 1.0.0 43.19 OK
r-devel-linux-x86_64-fedora-gcc 1.0.0 57.28 OK
r-devel-windows-x86_64 1.0.0 3.00 57.00 60.00 OK
r-patched-linux-x86_64 1.0.0 1.77 24.41 26.18 OK
r-release-linux-x86_64 1.0.0 1.60 24.14 25.74 OK
r-release-macos-arm64 1.0.0 57.00 OK
r-release-macos-x86_64 1.0.0 50.00 OK
r-release-windows-x86_64 1.0.0 4.00 55.00 59.00 OK
r-oldrel-macos-arm64 1.0.0 37.00 NOTE
r-oldrel-macos-x86_64 1.0.0 41.00 NOTE
r-oldrel-windows-x86_64 1.0.0 3.00 60.00 63.00 NOTE

Check Details

Version: 1.0.0
Check: CRAN incoming feasibility
Result: NOTE Maintainer: ‘Bill Venables <Bill.Venables@gmail.com>’ No Authors@R field in DESCRIPTION. Please add one, modifying Authors@R: person(given = "Bill", family = "Venables", role = c("aut", "cre"), email = "Bill.Venables@gmail.com") as necessary. Flavors: r-devel-linux-x86_64-debian-clang, r-devel-linux-x86_64-debian-gcc

Version: 1.0.0
Check: LazyData
Result: NOTE 'LazyData' is specified without a 'data' directory Flavors: r-oldrel-macos-arm64, r-oldrel-macos-x86_64, r-oldrel-windows-x86_64