Last updated on 2025-10-31 22:49:53 CET.
| Flavor | Version | Tinstall | Tcheck | Ttotal | Status | Flags | 
|---|---|---|---|---|---|---|
| r-devel-linux-x86_64-debian-clang | 1.0.0 | 5.05 | 51.85 | 56.90 | NOTE | |
| r-devel-linux-x86_64-debian-gcc | 1.0.0 | 3.78 | 36.69 | 40.47 | NOTE | |
| r-devel-linux-x86_64-fedora-clang | 1.0.0 | 25.00 | 63.85 | 88.85 | NOTE | |
| r-devel-linux-x86_64-fedora-gcc | 1.0.0 | 11.00 | 68.72 | 79.72 | NOTE | |
| r-devel-windows-x86_64 | 1.0.0 | 7.00 | 67.00 | 74.00 | NOTE | |
| r-patched-linux-x86_64 | 1.0.0 | 4.31 | 47.29 | 51.60 | NOTE | |
| r-release-linux-x86_64 | 1.0.0 | 3.60 | 46.76 | 50.36 | NOTE | |
| r-release-macos-arm64 | 1.0.0 | 3.00 | 31.00 | 34.00 | NOTE | |
| r-release-macos-x86_64 | 1.0.0 | 4.00 | 43.00 | 47.00 | NOTE | |
| r-release-windows-x86_64 | 1.0.0 | 8.00 | 68.00 | 76.00 | NOTE | |
| r-oldrel-macos-arm64 | 1.0.0 | 3.00 | 25.00 | 28.00 | NOTE | |
| r-oldrel-macos-x86_64 | 1.0.0 | 4.00 | 35.00 | 39.00 | NOTE | |
| r-oldrel-windows-x86_64 | 1.0.0 | 9.00 | 82.00 | 91.00 | NOTE | 
Version: 1.0.0
Check: CRAN incoming feasibility
Result: NOTE
  Maintainer: ‘Dennis Robert <dennis.robert.nm@gmail.com>’
  
  No Authors@R field in DESCRIPTION.
  Please add one, modifying
    Authors@R: person(given = "Dennis",
                      family = "Robert",
                      role = c("aut", "cre"),
                      email = "dennis.robert.nm@gmail.com")
  as necessary.
Flavors: r-devel-linux-x86_64-debian-clang, r-devel-linux-x86_64-debian-gcc
Version: 1.0.0
Check: Rd files
Result: NOTE
  checkRd: (-1) get_candidate_covariates.Rd:50: Lost braces
      50 | \item \code{covars_data}   {The \code{data.frame} that is filtered out of \code{df} with only the selected \code{covars}}. The values of the
         |                            ^
  checkRd: (-1) get_candidate_covariates.Rd:53: Lost braces
      53 | \item \code{patientIds}   {The list of patient ids present in the original input \code{df}. This is exactly the same as the input \code{patientIdVector}}
         |                           ^
  checkRd: (-1) get_prioritised_covariates.Rd:40: Lost braces
      40 | \item \code{multiplicative_bias}{The absolute log of the multiplicative bias term for each of the auto-selected prioritised covariates}
         |                                 ^
  checkRd: (-1) get_recurrence_covariates.Rd:34: Lost braces
      34 | \item \code{patientIds}   {The list of patient ids present in the original input \code{df}. This is exactly the same as the input \code{patientIdVector}}
         |                           ^
Flavors: r-devel-linux-x86_64-debian-clang, r-devel-linux-x86_64-debian-gcc, r-devel-linux-x86_64-fedora-clang, r-devel-linux-x86_64-fedora-gcc, r-devel-windows-x86_64, r-patched-linux-x86_64, r-release-linux-x86_64, r-release-macos-arm64, r-release-macos-x86_64, r-release-windows-x86_64, r-oldrel-macos-arm64, r-oldrel-macos-x86_64, r-oldrel-windows-x86_64