CRAN Package Check Results for Package attempt

Last updated on 2025-05-10 08:50:32 CEST.

Flavor Version Tinstall Tcheck Ttotal Status Flags
r-devel-linux-x86_64-debian-clang 0.3.1 2.49 38.26 40.75 OK
r-devel-linux-x86_64-debian-gcc 0.3.1 1.68 30.95 32.63 OK
r-devel-linux-x86_64-fedora-clang 0.3.1 61.79 OK
r-devel-linux-x86_64-fedora-gcc 0.3.1 74.61 OK
r-devel-windows-x86_64 0.3.1 3.00 61.00 64.00 OK
r-patched-linux-x86_64 0.3.1 3.19 35.67 38.86 OK
r-release-linux-x86_64 0.3.1 2.27 35.32 37.59 OK
r-release-macos-arm64 0.3.1 38.00 OK
r-release-macos-x86_64 0.3.1 61.00 OK
r-release-windows-x86_64 0.3.1 3.00 61.00 64.00 OK
r-oldrel-macos-arm64 0.3.1 42.00 NOTE
r-oldrel-macos-x86_64 0.3.1 47.00 NOTE
r-oldrel-windows-x86_64 0.3.1 5.00 67.00 72.00 NOTE

Check Details

Version: 0.3.1
Check: LazyData
Result: NOTE 'LazyData' is specified without a 'data' directory Flavors: r-oldrel-macos-arm64, r-oldrel-macos-x86_64, r-oldrel-windows-x86_64