CRAN Package Check Results for Package api2lm

Last updated on 2025-11-21 16:48:37 CET.

Flavor Version Tinstall Tcheck Ttotal Status Flags
r-devel-linux-x86_64-debian-clang 0.2 2.96 83.59 86.55 NOTE
r-devel-linux-x86_64-debian-gcc 0.2 2.53 60.77 63.30 NOTE
r-devel-linux-x86_64-fedora-clang 0.2 132.96 NOTE
r-devel-windows-x86_64 0.2 10.00 97.00 107.00 NOTE
r-patched-linux-x86_64 0.2 4.29 77.30 81.59 NOTE
r-release-linux-x86_64 0.2 3.25 77.33 80.58 NOTE
r-release-macos-arm64 0.2 NOTE
r-release-macos-x86_64 0.2 5.00 81.00 86.00 NOTE
r-release-windows-x86_64 0.2 7.00 98.00 105.00 NOTE
r-oldrel-macos-arm64 0.2 NOTE
r-oldrel-macos-x86_64 0.2 4.00 55.00 59.00 NOTE
r-oldrel-windows-x86_64 0.2 7.00 123.00 130.00 NOTE

Check Details

Version: 0.2
Check: CRAN incoming feasibility
Result: NOTE Maintainer: ‘Joshua P. French <joshua.french@ucdenver.edu>’ No Authors@R field in DESCRIPTION. Please add one, modifying Authors@R: person(given = c("Joshua", "P."), family = "French", role = c("aut", "cre"), email = "joshua.french@ucdenver.edu") as necessary. Flavors: r-devel-linux-x86_64-debian-clang, r-devel-linux-x86_64-debian-gcc

Version: 0.2
Check: Rd files
Result: NOTE checkRd: (-1) predict_adjust.Rd:77: Lost braces in \itemize; \value handles \item{}{} directly checkRd: (-1) predict_adjust.Rd:78: Lost braces in \itemize; \value handles \item{}{} directly checkRd: (-1) predict_adjust.Rd:79: Lost braces in \itemize; \value handles \item{}{} directly checkRd: (-1) predict_adjust.Rd:80: Lost braces in \itemize; \value handles \item{}{} directly checkRd: (-1) print.predict_adjust.Rd:32: Lost braces in \itemize; \value handles \item{}{} directly checkRd: (-1) print.predict_adjust.Rd:33: Lost braces in \itemize; \value handles \item{}{} directly checkRd: (-1) print.predict_adjust.Rd:34: Lost braces in \itemize; \value handles \item{}{} directly checkRd: (-1) print.predict_adjust.Rd:35: Lost braces in \itemize; \value handles \item{}{} directly Flavors: r-devel-linux-x86_64-debian-clang, r-devel-linux-x86_64-debian-gcc, r-devel-linux-x86_64-fedora-clang, r-devel-windows-x86_64, r-patched-linux-x86_64, r-release-linux-x86_64, r-release-macos-arm64, r-release-macos-x86_64, r-release-windows-x86_64, r-oldrel-macos-arm64, r-oldrel-macos-x86_64, r-oldrel-windows-x86_64