Last updated on 2025-05-11 00:49:30 CEST.
Flavor | Version | Tinstall | Tcheck | Ttotal | Status | Flags |
---|---|---|---|---|---|---|
r-devel-linux-x86_64-debian-clang | 1.3.5 | 52.17 | 89.84 | 142.01 | NOTE | |
r-devel-linux-x86_64-debian-gcc | 1.3.5 | 27.70 | 63.25 | 90.95 | NOTE | |
r-devel-linux-x86_64-fedora-clang | 1.3.5 | 221.08 | NOTE | |||
r-devel-linux-x86_64-fedora-gcc | 1.3.5 | 232.37 | NOTE | |||
r-devel-windows-x86_64 | 1.3.5 | 42.00 | 117.00 | 159.00 | NOTE | |
r-patched-linux-x86_64 | 1.3.5 | 39.37 | 85.58 | 124.95 | NOTE | |
r-release-linux-x86_64 | 1.3.5 | 39.33 | 84.53 | 123.86 | NOTE | |
r-release-macos-arm64 | 1.3.5 | 76.00 | NOTE | |||
r-release-macos-x86_64 | 1.3.5 | 135.00 | NOTE | |||
r-release-windows-x86_64 | 1.3.5 | 40.00 | 119.00 | 159.00 | NOTE | |
r-oldrel-macos-arm64 | 1.3.5 | 57.00 | NOTE | |||
r-oldrel-macos-x86_64 | 1.3.5 | 73.00 | NOTE | |||
r-oldrel-windows-x86_64 | 1.3.5 | 51.00 | 147.00 | 198.00 | NOTE |
Version: 1.3.5
Check: CRAN incoming feasibility
Result: NOTE
Maintainer: ‘Shaun Wilkinson <shaunpwilkinson@gmail.com>’
Package CITATION file contains call(s) to old-style personList() or
as.personList(). Please use c() on person objects instead.
Package CITATION file contains call(s) to old-style citEntry(). Please
use bibentry() instead.
Flavors: r-devel-linux-x86_64-debian-clang, r-devel-linux-x86_64-debian-gcc
Version: 1.3.5
Check: C++ specification
Result: NOTE
Specified C++11: please drop specification unless essential
Flavors: r-devel-linux-x86_64-debian-clang, r-devel-linux-x86_64-debian-gcc, r-devel-linux-x86_64-fedora-clang, r-devel-linux-x86_64-fedora-gcc, r-devel-windows-x86_64, r-patched-linux-x86_64, r-release-linux-x86_64, r-release-macos-arm64, r-release-macos-x86_64, r-release-windows-x86_64, r-oldrel-macos-arm64, r-oldrel-macos-x86_64, r-oldrel-windows-x86_64