Last updated on 2025-07-22 15:50:28 CEST.
Flavor | Version | Tinstall | Tcheck | Ttotal | Status | Flags |
---|---|---|---|---|---|---|
r-devel-linux-x86_64-debian-clang | 0.3.1 | 4.96 | 118.44 | 123.40 | OK | |
r-devel-linux-x86_64-debian-gcc | 0.3.1 | 3.19 | 81.22 | 84.41 | OK | |
r-devel-linux-x86_64-fedora-clang | 0.3.1 | 200.82 | OK | |||
r-devel-linux-x86_64-fedora-gcc | 0.3.1 | 208.66 | OK | |||
r-devel-windows-x86_64 | 0.3.1 | 8.00 | 116.00 | 124.00 | OK | |
r-patched-linux-x86_64 | 0.3.1 | 5.00 | 109.21 | 114.21 | OK | |
r-release-linux-x86_64 | 0.3.1 | 5.24 | 108.20 | 113.44 | OK | |
r-release-macos-arm64 | 0.3.1 | 64.00 | OK | |||
r-release-macos-x86_64 | 0.3.1 | 106.00 | OK | |||
r-release-windows-x86_64 | 0.3.1 | 7.00 | 116.00 | 123.00 | OK | |
r-oldrel-macos-arm64 | 0.3.1 | 53.00 | NOTE | |||
r-oldrel-macos-x86_64 | 0.3.1 | 83.00 | NOTE | |||
r-oldrel-windows-x86_64 | 0.3.1 | 9.00 | 153.00 | 162.00 | NOTE |
Version: 0.3.1
Check: LazyData
Result: NOTE
'LazyData' is specified without a 'data' directory
Flavors: r-oldrel-macos-arm64, r-oldrel-macos-x86_64, r-oldrel-windows-x86_64