CRAN Package Check Results for Package adklakedata

Last updated on 2025-05-11 19:50:10 CEST.

Flavor Version Tinstall Tcheck Ttotal Status Flags
r-devel-linux-x86_64-debian-clang 0.6.1 1.76 22.33 24.09 NOTE
r-devel-linux-x86_64-debian-gcc 0.6.1 1.31 18.14 19.45 NOTE
r-devel-linux-x86_64-fedora-clang 0.6.1 35.87 OK
r-devel-linux-x86_64-fedora-gcc 0.6.1 34.34 OK
r-devel-windows-x86_64 0.6.1 3.00 44.00 47.00 OK
r-patched-linux-x86_64 0.6.1 1.72 21.34 23.06 NOTE
r-release-linux-x86_64 0.6.1 1.39 21.55 22.94 NOTE
r-release-macos-arm64 0.6.1 21.00 OK
r-release-macos-x86_64 0.6.1 29.00 OK
r-release-windows-x86_64 0.6.1 3.00 45.00 48.00 OK
r-oldrel-macos-arm64 0.6.1 17.00 NOTE
r-oldrel-macos-x86_64 0.6.1 24.00 NOTE
r-oldrel-windows-x86_64 0.6.1 4.00 48.00 52.00 NOTE

Check Details

Version: 0.6.1
Check: for unstated dependencies in ‘demo’
Result: NOTE '::' or ':::' import not declared from: ‘devtools’ 'library' or 'require' calls not declared from: ‘ggmap’ ‘gridExtra’ ‘magick’ Flavors: r-devel-linux-x86_64-debian-clang, r-devel-linux-x86_64-debian-gcc, r-patched-linux-x86_64, r-release-linux-x86_64

Version: 0.6.1
Check: LazyData
Result: NOTE 'LazyData' is specified without a 'data' directory Flavors: r-oldrel-macos-arm64, r-oldrel-macos-x86_64, r-oldrel-windows-x86_64