Last updated on 2025-11-11 06:49:51 CET.
| Flavor | Version | Tinstall | Tcheck | Ttotal | Status | Flags |
|---|---|---|---|---|---|---|
| r-devel-linux-x86_64-debian-clang | 0.3.0 | 6.64 | 63.94 | 70.58 | OK | |
| r-devel-linux-x86_64-debian-gcc | 0.3.0 | 4.67 | 48.07 | 52.74 | OK | |
| r-devel-linux-x86_64-fedora-clang | 0.3.0 | 13.00 | 95.78 | 108.78 | OK | |
| r-devel-linux-x86_64-fedora-gcc | 0.3.0 | 12.00 | 105.13 | 117.13 | OK | |
| r-devel-windows-x86_64 | 0.3.0 | 8.00 | 81.00 | 89.00 | OK | |
| r-patched-linux-x86_64 | 0.3.0 | 5.57 | 59.59 | 65.16 | OK | |
| r-release-linux-x86_64 | 0.3.0 | 5.07 | 59.16 | 64.23 | OK | |
| r-release-macos-arm64 | 0.3.0 | 3.00 | 45.00 | 48.00 | OK | |
| r-release-macos-x86_64 | 0.3.0 | 4.00 | 55.00 | 59.00 | OK | |
| r-release-windows-x86_64 | 0.3.0 | 8.00 | 73.00 | 81.00 | OK | |
| r-oldrel-macos-arm64 | 0.3.0 | 2.00 | 31.00 | 33.00 | NOTE | |
| r-oldrel-macos-x86_64 | 0.3.0 | 4.00 | 46.00 | 50.00 | NOTE | |
| r-oldrel-windows-x86_64 | 0.3.0 | 11.00 | 89.00 | 100.00 | NOTE |
Version: 0.3.0
Check: LazyData
Result: NOTE
'LazyData' is specified without a 'data' directory
Flavors: r-oldrel-macos-arm64, r-oldrel-macos-x86_64, r-oldrel-windows-x86_64