CRAN Package Check Results for Package XKCDdata

Last updated on 2025-11-13 02:52:37 CET.

Flavor Version Tinstall Tcheck Ttotal Status Flags
r-devel-linux-x86_64-debian-clang 0.1.0 3.49 36.66 40.15 OK
r-devel-linux-x86_64-debian-gcc 0.1.0 2.82 26.83 29.65 OK
r-devel-linux-x86_64-fedora-clang 0.1.0 58.86 NOTE
r-devel-linux-x86_64-fedora-gcc 0.1.0 56.09 NOTE
r-devel-windows-x86_64 0.1.0 5.00 51.00 56.00 OK
r-patched-linux-x86_64 0.1.0 3.98 32.62 36.60 OK
r-release-linux-x86_64 0.1.0 3.29 32.66 35.95 OK
r-release-macos-arm64 0.1.0 2.00 21.00 23.00 OK
r-release-macos-x86_64 0.1.0 3.00 39.00 42.00 OK
r-release-windows-x86_64 0.1.0 5.00 51.00 56.00 OK
r-oldrel-macos-arm64 0.1.0 2.00 21.00 23.00 NOTE
r-oldrel-macos-x86_64 0.1.0 3.00 29.00 32.00 NOTE
r-oldrel-windows-x86_64 0.1.0 6.00 60.00 66.00 NOTE

Check Details

Version: 0.1.0
Check: dependencies in R code
Result: NOTE Namespace in Imports field not imported from: ‘tibble’ All declared Imports should be used. Flavors: r-devel-linux-x86_64-fedora-clang, r-devel-linux-x86_64-fedora-gcc

Version: 0.1.0
Check: LazyData
Result: NOTE 'LazyData' is specified without a 'data' directory Flavors: r-oldrel-macos-arm64, r-oldrel-macos-x86_64, r-oldrel-windows-x86_64