Last updated on 2025-05-10 04:51:59 CEST.
Flavor | Version | Tinstall | Tcheck | Ttotal | Status | Flags |
---|---|---|---|---|---|---|
r-devel-linux-x86_64-debian-clang | 1.0.1 | 368.97 | 153.91 | 522.88 | OK | |
r-devel-linux-x86_64-debian-gcc | 1.0.1 | 332.22 | 136.74 | 468.96 | OK | |
r-devel-linux-x86_64-fedora-clang | 1.0.1 | 785.37 | OK | |||
r-devel-linux-x86_64-fedora-gcc | 1.0.1 | 1148.87 | OK | |||
r-devel-windows-x86_64 | 1.0.1 | 405.00 | 200.00 | 605.00 | OK | |
r-patched-linux-x86_64 | 1.0.1 | 432.47 | 184.28 | 616.75 | OK | |
r-release-linux-x86_64 | 1.0.1 | 433.91 | 184.47 | 618.38 | OK | |
r-release-macos-arm64 | 1.0.1 | 195.00 | OK | |||
r-release-macos-x86_64 | 1.0.1 | 314.00 | OK | |||
r-release-windows-x86_64 | 1.0.1 | 387.00 | 196.00 | 583.00 | OK | |
r-oldrel-macos-arm64 | 1.0.1 | 116.00 | NOTE | |||
r-oldrel-macos-x86_64 | 1.0.1 | 139.00 | NOTE | |||
r-oldrel-windows-x86_64 | 1.0.1 | 450.00 | 249.00 | 699.00 | NOTE |
Version: 1.0.1
Check: installed package size
Result: NOTE
installed size is 92.1Mb
sub-directories of 1Mb or more:
data 4.2Mb
libs 87.3Mb
Flavors: r-oldrel-macos-arm64, r-oldrel-macos-x86_64, r-oldrel-windows-x86_64
Version: 1.0.1
Check: for GNU extensions in Makefiles
Result: NOTE
GNU make is a SystemRequirements.
Flavors: r-oldrel-macos-arm64, r-oldrel-macos-x86_64, r-oldrel-windows-x86_64