Last updated on 2025-05-10 08:50:55 CEST.
Flavor | Version | Tinstall | Tcheck | Ttotal | Status | Flags |
---|---|---|---|---|---|---|
r-devel-linux-x86_64-debian-clang | 0.3.1 | 32.11 | 434.24 | 466.35 | OK | |
r-devel-linux-x86_64-debian-gcc | 0.3.1 | 21.54 | 308.83 | 330.37 | OK | |
r-devel-linux-x86_64-fedora-clang | 0.3.1 | 769.95 | OK | |||
r-devel-linux-x86_64-fedora-gcc | 0.3.1 | 697.48 | OK | |||
r-devel-windows-x86_64 | 0.3.1 | 31.00 | 354.00 | 385.00 | OK | |
r-patched-linux-x86_64 | 0.3.1 | 26.70 | 407.08 | 433.78 | OK | |
r-release-linux-x86_64 | 0.3.1 | 29.34 | 410.43 | 439.77 | OK | |
r-release-macos-arm64 | 0.3.1 | 5.00 | ERROR | |||
r-release-macos-x86_64 | 0.3.1 | 335.00 | OK | |||
r-release-windows-x86_64 | 0.3.1 | 27.00 | 356.00 | 383.00 | OK | |
r-oldrel-macos-arm64 | 0.3.1 | 200.00 | OK | |||
r-oldrel-macos-x86_64 | 0.3.1 | 320.00 | OK | |||
r-oldrel-windows-x86_64 | 0.3.1 | 40.00 | 475.00 | 515.00 | OK |
Version: 0.3.1
Check: package dependencies
Result: ERROR
Package required but not available: ‘org.Hs.eg.db’
See section ‘The DESCRIPTION file’ in the ‘Writing R Extensions’
manual.
Flavor: r-release-macos-arm64