Last updated on 2025-11-01 21:49:29 CET.
| Flavor | Version | Tinstall | Tcheck | Ttotal | Status | Flags |
|---|---|---|---|---|---|---|
| r-devel-linux-x86_64-debian-clang | 1.0.1 | 19.27 | 123.17 | 142.44 | OK | |
| r-devel-linux-x86_64-debian-gcc | 1.0.1 | 12.58 | 83.66 | 96.24 | OK | |
| r-devel-linux-x86_64-fedora-clang | 1.0.1 | 67.00 | 166.32 | 233.32 | OK | |
| r-devel-linux-x86_64-fedora-gcc | 1.0.1 | 103.00 | 146.00 | 249.00 | OK | |
| r-devel-windows-x86_64 | 1.0.1 | 21.00 | 120.00 | 141.00 | OK | |
| r-patched-linux-x86_64 | 1.0.1 | 17.86 | 115.23 | 133.09 | OK | |
| r-release-linux-x86_64 | 1.0.1 | 17.92 | 119.24 | 137.16 | OK | |
| r-release-macos-arm64 | 1.0.1 | 10.00 | 54.00 | 64.00 | OK | |
| r-release-macos-x86_64 | 1.0.1 | 18.00 | 106.00 | 124.00 | OK | |
| r-release-windows-x86_64 | 1.0.1 | 20.00 | 125.00 | 145.00 | OK | |
| r-oldrel-macos-arm64 | 1.0.1 | 11.00 | 54.00 | 65.00 | NOTE | |
| r-oldrel-macos-x86_64 | 1.0.1 | 18.00 | 81.00 | 99.00 | NOTE | |
| r-oldrel-windows-x86_64 | 1.0.1 | 26.00 | 163.00 | 189.00 | NOTE |
Version: 1.0.1
Check: package dependencies
Result: NOTE
Package suggested but not available for checking: ‘velocyto.R’
Flavors: r-oldrel-macos-arm64, r-oldrel-macos-x86_64, r-oldrel-windows-x86_64