CRAN Package Check Results for Package Strategy

Last updated on 2025-05-09 21:51:13 CEST.

Flavor Version Tinstall Tcheck Ttotal Status Flags
r-devel-linux-x86_64-debian-clang 1.0.1 5.91 41.94 47.85 NOTE
r-devel-linux-x86_64-debian-gcc 1.0.1 4.85 30.99 35.84 NOTE
r-devel-linux-x86_64-fedora-clang 1.0.1 78.91 NOTE
r-devel-linux-x86_64-fedora-gcc 1.0.1 96.59 NOTE
r-devel-windows-x86_64 1.0.1 9.00 65.00 74.00 OK
r-patched-linux-x86_64 1.0.1 6.89 40.44 47.33 NOTE
r-release-linux-x86_64 1.0.1 6.65 40.20 46.85 NOTE
r-release-macos-arm64 1.0.1 48.00 OK
r-release-macos-x86_64 1.0.1 100.00 OK
r-release-windows-x86_64 1.0.1 9.00 65.00 74.00 OK
r-oldrel-macos-arm64 1.0.1 34.00 OK
r-oldrel-macos-x86_64 1.0.1 54.00 OK
r-oldrel-windows-x86_64 1.0.1 11.00 74.00 85.00 OK

Check Details

Version: 1.0.1
Check: CRAN incoming feasibility
Result: NOTE Maintainer: ‘Julian Busch <jb@quants.ch>’ No Authors@R field in DESCRIPTION. Please add one, modifying Authors@R: person(given = "Julian", family = "Busch", role = c("aut", "cre"), email = "jb@quants.ch") as necessary. Flavors: r-devel-linux-x86_64-debian-clang, r-devel-linux-x86_64-debian-gcc

Version: 1.0.1
Check: for non-standard things in the check directory
Result: NOTE Found the following files/directories: ‘myNewStrat.R’ Flavors: r-devel-linux-x86_64-debian-clang, r-devel-linux-x86_64-debian-gcc, r-devel-linux-x86_64-fedora-clang, r-devel-linux-x86_64-fedora-gcc, r-patched-linux-x86_64, r-release-linux-x86_64