Last updated on 2025-10-31 18:51:19 CET.
| Flavor | Version | Tinstall | Tcheck | Ttotal | Status | Flags | 
|---|---|---|---|---|---|---|
| r-devel-linux-x86_64-debian-clang | 1.1 | 7.65 | 67.13 | 74.78 | NOTE | |
| r-devel-linux-x86_64-debian-gcc | 1.1 | 5.34 | 48.91 | 54.25 | NOTE | |
| r-devel-linux-x86_64-fedora-clang | 1.1 | 15.00 | 97.13 | 112.13 | OK | |
| r-devel-linux-x86_64-fedora-gcc | 1.1 | 14.00 | 338.70 | 352.70 | OK | |
| r-devel-windows-x86_64 | 1.1 | 9.00 | 76.00 | 85.00 | OK | |
| r-patched-linux-x86_64 | 1.1 | 6.26 | 61.35 | 67.61 | OK | |
| r-release-linux-x86_64 | 1.1 | 6.39 | 61.46 | 67.85 | OK | |
| r-release-macos-arm64 | 1.1 | 3.00 | 87.00 | 90.00 | OK | |
| r-release-macos-x86_64 | 1.1 | 6.00 | 179.00 | 185.00 | OK | |
| r-release-windows-x86_64 | 1.1 | 10.00 | 77.00 | 87.00 | OK | |
| r-oldrel-macos-arm64 | 1.1 | 3.00 | 65.00 | 68.00 | OK | |
| r-oldrel-macos-x86_64 | 1.1 | 5.00 | 113.00 | 118.00 | OK | |
| r-oldrel-windows-x86_64 | 1.1 | 12.00 | 104.00 | 116.00 | OK | 
Version: 1.1
Check: CRAN incoming feasibility
Result: NOTE
  Maintainer: ‘Christopher R John <chris.r.john86@gmail.com>’
  
  No Authors@R field in DESCRIPTION.
  Please add one, modifying
    Authors@R: c(person(given = c("Christopher", "R"),
                        family = "John",
                        role = c("aut", "cre"),
                        email = "chris.r.john86@gmail.com"),
                 person(given = "David",
                        family = "Watson",
                        role = "aut"))
  as necessary.
Flavors: r-devel-linux-x86_64-debian-clang, r-devel-linux-x86_64-debian-gcc