Last updated on 2025-05-10 19:51:10 CEST.
Flavor | Version | Tinstall | Tcheck | Ttotal | Status | Flags |
---|---|---|---|---|---|---|
r-devel-linux-x86_64-debian-clang | 2024.04.10 | 20.85 | 78.65 | 99.50 | NOTE | |
r-devel-linux-x86_64-debian-gcc | 2024.04.10 | 13.33 | 57.61 | 70.94 | NOTE | |
r-devel-linux-x86_64-fedora-clang | 2024.04.10 | 163.98 | OK | |||
r-devel-linux-x86_64-fedora-gcc | 2024.04.10 | 147.54 | OK | |||
r-devel-windows-x86_64 | 2024.04.10 | 33.00 | 98.00 | 131.00 | NOTE | |
r-patched-linux-x86_64 | 2024.04.10 | 20.77 | 73.64 | 94.41 | NOTE | |
r-release-linux-x86_64 | 2024.04.10 | 19.63 | 73.33 | 92.96 | NOTE | |
r-release-macos-arm64 | 2024.04.10 | 66.00 | OK | |||
r-release-macos-x86_64 | 2024.04.10 | 84.00 | OK | |||
r-release-windows-x86_64 | 2024.04.10 | 34.00 | 106.00 | 140.00 | NOTE | |
r-oldrel-macos-arm64 | 2024.04.10 | 48.00 | OK | |||
r-oldrel-macos-x86_64 | 2024.04.10 | 67.00 | OK | |||
r-oldrel-windows-x86_64 | 2024.04.10 | 37.00 | 121.00 | 158.00 | OK |
Version: 2024.04.10
Check: Rd cross-references
Result: NOTE
Found the following Rd file(s) with Rd \link{} targets missing package
anchors:
plot.idm.Rd: SmartControl
Please provide package anchors for all Rd \link{} targets not in the
package itself and the base packages.
Flavors: r-devel-linux-x86_64-debian-clang, r-devel-linux-x86_64-debian-gcc, r-devel-windows-x86_64, r-patched-linux-x86_64, r-release-linux-x86_64, r-release-windows-x86_64