Last updated on 2025-07-08 21:48:36 CEST.
Flavor | Version | Tinstall | Tcheck | Ttotal | Status | Flags |
---|---|---|---|---|---|---|
r-devel-linux-x86_64-debian-clang | 2.0.0 | 14.11 | 78.20 | 92.31 | OK | |
r-devel-linux-x86_64-debian-gcc | 2.0.0 | 10.23 | 57.00 | 67.23 | OK | |
r-devel-linux-x86_64-fedora-clang | 2.0.0 | 145.24 | OK | |||
r-devel-linux-x86_64-fedora-gcc | 2.0.0 | 148.35 | OK | |||
r-devel-windows-x86_64 | 2.0.0 | 17.00 | 88.00 | 105.00 | OK | |
r-patched-linux-x86_64 | 2.0.0 | 14.45 | 72.55 | 87.00 | OK | |
r-release-linux-x86_64 | 2.0.0 | 13.74 | 73.81 | 87.55 | OK | |
r-release-macos-arm64 | 2.0.0 | 49.00 | OK | |||
r-release-macos-x86_64 | 2.0.0 | 92.00 | OK | |||
r-release-windows-x86_64 | 2.0.0 | 17.00 | 90.00 | 107.00 | OK | |
r-oldrel-macos-arm64 | 2.0.0 | 66.00 | NOTE | |||
r-oldrel-macos-x86_64 | 2.0.0 | 92.00 | NOTE | |||
r-oldrel-windows-x86_64 | 2.0.0 | 23.00 | 112.00 | 135.00 | OK |
Version: 2.0.0
Check: installed package size
Result: NOTE
installed size is 5.7Mb
sub-directories of 1Mb or more:
data 5.5Mb
Flavors: r-oldrel-macos-arm64, r-oldrel-macos-x86_64