Last updated on 2025-10-30 22:50:13 CET.
| Flavor | Version | Tinstall | Tcheck | Ttotal | Status | Flags | 
|---|---|---|---|---|---|---|
| r-devel-linux-x86_64-debian-clang | 0.2.2 | 32.58 | 400.82 | 433.40 | NOTE | |
| r-devel-linux-x86_64-debian-gcc | 0.2.2 | 19.93 | 254.94 | 274.87 | NOTE | |
| r-devel-linux-x86_64-fedora-clang | 0.2.2 | 62.00 | 614.60 | 676.60 | OK | |
| r-devel-linux-x86_64-fedora-gcc | 0.2.2 | 70.00 | 630.24 | 700.24 | OK | |
| r-devel-windows-x86_64 | 0.2.2 | 30.00 | 346.00 | 376.00 | OK | |
| r-patched-linux-x86_64 | 0.2.2 | 33.27 | 385.80 | 419.07 | OK | |
| r-release-linux-x86_64 | 0.2.2 | 30.21 | 384.01 | 414.22 | OK | |
| r-release-macos-arm64 | 0.2.2 | 14.00 | 175.00 | 189.00 | OK | |
| r-release-macos-x86_64 | 0.2.2 | 24.00 | 311.00 | 335.00 | OK | |
| r-release-windows-x86_64 | 0.2.2 | 29.00 | 351.00 | 380.00 | OK | |
| r-oldrel-macos-arm64 | 0.2.2 | 12.00 | 154.00 | 166.00 | OK | |
| r-oldrel-macos-x86_64 | 0.2.2 | 19.00 | 240.00 | 259.00 | OK | |
| r-oldrel-windows-x86_64 | 0.2.2 | 41.00 | 459.00 | 500.00 | OK | 
Version: 0.2.2
Check: CRAN incoming feasibility
Result: NOTE
  Maintainer: ‘Allison Cynthia Fialkowski <allijazz@uab.edu>’
  
  No Authors@R field in DESCRIPTION.
  Please add one, modifying
    Authors@R: person(given = c("Allison", "Cynthia"),
                      family = "Fialkowski",
                      role = c("aut", "cre"),
                      email = "allijazz@uab.edu")
  as necessary.
  
  Found the following \keyword or \concept entries
  which likely give several index terms:
    File ‘calc_fisherk.Rd’:
      \keyword{cumulants,}
    File ‘calc_lower_skurt.Rd’:
      \keyword{Fleishman,}
      \keyword{boundary,}
      \keyword{kurtosis,}
    File ‘calc_moments.Rd’:
      \keyword{cumulants,}
    File ‘calc_theory.Rd’:
      \keyword{cumulants,}
    File ‘cdf_prob.Rd’:
      \keyword{cumulative,}
      \keyword{statistics,}
      \keyword{theoretical,}
    File ‘chat_nb.Rd’:
      \keyword{Binomial,}
      \keyword{correlation,}
    File ‘chat_pois.Rd’:
      \keyword{Poisson,}
      \keyword{correlation,}
    File ‘denom_corr_cat.Rd’:
      \keyword{intercorrelation,}
    File ‘error_loop.Rd’:
      \keyword{error,}
    File ‘error_vars.Rd’:
      \keyword{error,}
    File ‘find_constants.Rd’:
      \keyword{Fleishman,}
      \keyword{constants,}
    File ‘findintercorr.Rd’:
      \keyword{Binomial,}
      \keyword{Fleishman,}
      \keyword{Headrick,}
      \keyword{Poisson,}
      \keyword{continuous,}
      \keyword{correlation,}
      \keyword{intermediate,}
      \keyword{ordinal,}
    File ‘findintercorr2.Rd’:
      \keyword{Binomial,}
      \keyword{Fleishman,}
      \keyword{Headrick,}
      \keyword{Poisson,}
      \keyword{continuous,}
      \keyword{correlation,}
      \keyword{intermediate,}
      \keyword{ordinal,}
    File ‘findintercorr_cat_nb.Rd’:
      \keyword{Binomial,}
      \keyword{correlation,}
      \keyword{intermediate,}
      \keyword{ordinal,}
    File ‘findintercorr_cat_pois.Rd’:
      \keyword{Poisson,}
      \keyword{correlation,}
      \keyword{intermediate,}
      \keyword{ordinal,}
    File ‘findintercorr_cont.Rd’:
      \keyword{Fleishman,}
      \keyword{continuous,}
      \keyword{correlation,}
      \keyword{intermediate,}
    File ‘findintercorr_cont_cat.Rd’:
      \keyword{Fleishman,}
      \keyword{continuous,}
      \keyword{correlation,}
      \keyword{intermediate,}
      \keyword{ordinal,}
    File ‘findintercorr_cont_nb.Rd’:
      \keyword{Binomial,}
      \keyword{Fleishman,}
      \keyword{Headrick,}
      \keyword{continuous,}
      \keyword{correlation,}
      \keyword{intermediate,}
    File ‘findintercorr_cont_nb2.Rd’:
      \keyword{Binomial,}
      \keyword{Fleishman,}
      \keyword{Headrick,}
      \keyword{continuous,}
      \keyword{correlation,}
      \keyword{intermediate,}
    File ‘findintercorr_cont_pois.Rd’:
      \keyword{Fleishman,}
      \keyword{Headrick,}
      \keyword{Poisson,}
      \keyword{continuous,}
      \keyword{correlation,}
      \keyword{intermediate,}
    File ‘findintercorr_cont_pois2.Rd’:
      \keyword{Fleishman,}
      \keyword{Headrick,}
      \keyword{Poisson,}
      \keyword{continuous,}
      \keyword{correlation,}
      \keyword{intermediate,}
    File ‘findintercorr_nb.Rd’:
      \keyword{Binomial,}
      \keyword{correlation,}
      \keyword{intermediate,}
    File ‘findintercorr_pois.Rd’:
      \keyword{Poisson,}
      \keyword{correlation,}
      \keyword{intermediate,}
    File ‘findintercorr_pois_nb.Rd’:
      \keyword{Binomial,}
      \keyword{Poisson,}
      \keyword{correlation,}
      \keyword{intermediate,}
    File ‘fleish.Rd’:
      \keyword{constants,}
    File ‘fleish_Hessian.Rd’:
      \keyword{Fleishman,}
      \keyword{boundary,}
      \keyword{kurtosis,}
    File ‘fleish_skurt_check.Rd’:
      \keyword{boundary,}
      \keyword{kurtosis,}
    File ‘intercorr_fleish.Rd’:
      \keyword{correlation,}
      \keyword{intermediate,}
    File ‘intercorr_poly.Rd’:
      \keyword{correlation,}
      \keyword{intermediate,}
    File ‘max_count_support.Rd’:
      \keyword{Binomial,}
      \keyword{Poisson,}
      \keyword{correlation,}
      \keyword{intermediate,}
    File ‘nonnormvar1.Rd’:
      \keyword{Fleishman,}
      \keyword{continuous,}
      \keyword{simulation,}
      \keyword{univariate,}
    File ‘ordnorm.Rd’:
      \keyword{correlation,}
      \keyword{intermediate,}
      \keyword{ordinal,}
    File ‘pdf_check.Rd’:
      \keyword{Fleishman,}
      \keyword{constants,}
    File ‘plot_cdf.Rd’:
      \keyword{Fleishman,}
      \keyword{cdf,}
      \keyword{plot,}
      \keyword{theoretical,}
    File ‘plot_pdf_ext.Rd’:
      \keyword{Fleishman,}
      \keyword{external,}
      \keyword{pdf,}
      \keyword{plot,}
      \keyword{theoretical,}
    File ‘plot_pdf_theory.Rd’:
      \keyword{Fleishman,}
      \keyword{pdf,}
      \keyword{plot,}
      \keyword{theoretical,}
    File ‘plot_sim_cdf.Rd’:
      \keyword{empirical,}
      \keyword{plot,}
      \keyword{simulated,}
    File ‘plot_sim_ext.Rd’:
      \keyword{Fleishman,}
      \keyword{external,}
      \keyword{plot,}
      \keyword{simulated,}
    File ‘plot_sim_pdf_ext.Rd’:
      \keyword{Fleishman,}
      \keyword{external,}
      \keyword{pdf,}
      \keyword{plot,}
      \keyword{simulated,}
    File ‘plot_sim_pdf_theory.Rd’:
      \keyword{Fleishman,}
      \keyword{pdf,}
      \keyword{plot,}
      \keyword{simulated,}
      \keyword{theoretical,}
    File ‘plot_sim_theory.Rd’:
      \keyword{Fleishman,}
      \keyword{plot,}
      \keyword{simulated,}
      \keyword{theoretical,}
    File ‘poly.Rd’:
      \keyword{constants,}
    File ‘poly_skurt_check.Rd’:
      \keyword{boundary,}
      \keyword{kurtosis,}
    File ‘power_norm_corr.Rd’:
      \keyword{Fleishman,}
      \keyword{correlation,}
    File ‘rcorrvar.Rd’:
      \keyword{Binomial,}
      \keyword{Fleishman,}
      \keyword{Headrick,}
      \keyword{Poisson,}
      \keyword{continuous,}
      \keyword{ordinal,}
      \keyword{simulation,}
    File ‘rcorrvar2.Rd’:
      \keyword{Binomial,}
      \keyword{Fleishman,}
      \keyword{Headrick,}
      \keyword{Poisson,}
      \keyword{continuous,}
      \keyword{ordinal,}
      \keyword{simulation,}
    File ‘sim_cdf_prob.Rd’:
      \keyword{cumulative,}
      \keyword{empirical,}
      \keyword{simulated,}
      \keyword{statistics,}
    File ‘stats_pdf.Rd’:
      \keyword{theoretical,}
    File ‘valid_corr.Rd’:
      \keyword{Binomial,}
      \keyword{Fleishman,}
      \keyword{Headrick,}
      \keyword{Poisson,}
      \keyword{bounds,}
      \keyword{continuous,}
      \keyword{correlation,}
      \keyword{ordinal,}
    File ‘valid_corr2.Rd’:
      \keyword{Binomial,}
      \keyword{Fleishman,}
      \keyword{Headrick,}
      \keyword{Poisson,}
      \keyword{bounds,}
      \keyword{continuous,}
      \keyword{correlation,}
      \keyword{ordinal,}
Flavors: r-devel-linux-x86_64-debian-clang, r-devel-linux-x86_64-debian-gcc