Last updated on 2025-10-31 15:48:53 CET.
| Flavor | Version | Tinstall | Tcheck | Ttotal | Status | Flags | 
|---|---|---|---|---|---|---|
| r-devel-linux-x86_64-debian-clang | 0.4.0 | 4.16 | 46.28 | 50.44 | NOTE | |
| r-devel-linux-x86_64-debian-gcc | 0.4.0 | 2.92 | 32.40 | 35.32 | NOTE | |
| r-devel-linux-x86_64-fedora-clang | 0.4.0 | 75.15 | NOTE | |||
| r-devel-linux-x86_64-fedora-gcc | 0.4.0 | 11.00 | 70.53 | 81.53 | NOTE | |
| r-devel-windows-x86_64 | 0.4.0 | 6.00 | 64.00 | 70.00 | NOTE | |
| r-patched-linux-x86_64 | 0.4.0 | 4.64 | 42.20 | 46.84 | NOTE | |
| r-release-linux-x86_64 | 0.4.0 | 3.35 | 42.70 | 46.05 | NOTE | |
| r-release-macos-arm64 | 0.4.0 | 2.00 | 25.00 | 27.00 | NOTE | |
| r-release-macos-x86_64 | 0.4.0 | 3.00 | 42.00 | 45.00 | NOTE | |
| r-release-windows-x86_64 | 0.4.0 | 6.00 | 67.00 | 73.00 | NOTE | |
| r-oldrel-macos-arm64 | 0.4.0 | 2.00 | 24.00 | 26.00 | NOTE | |
| r-oldrel-macos-x86_64 | 0.4.0 | 3.00 | 33.00 | 36.00 | NOTE | |
| r-oldrel-windows-x86_64 | 0.4.0 | 8.00 | 80.00 | 88.00 | NOTE | 
Version: 0.4.0
Check: Rd files
Result: NOTE
  checkRd: (-1) age_corr.Rd:15: Lost braces
      15 | \item{plot}{Should the results be plotted? (/code{TRUE/FALSE})}
         |                                                  ^
  checkRd: (-1) age_corr.Rd:17: Lost braces
      17 | \item{agecorrection}{Correct for jumps in age (/code{TRUE}) or
         |                                                     ^
  checkRd: (-1) age_corr.Rd:18: Lost braces
      18 | only for starting time (/code{FALSE})}
         |                              ^
Flavors: r-devel-linux-x86_64-debian-clang, r-devel-linux-x86_64-debian-gcc, r-devel-linux-x86_64-fedora-clang, r-devel-linux-x86_64-fedora-gcc, r-devel-windows-x86_64, r-patched-linux-x86_64, r-release-linux-x86_64, r-release-macos-arm64, r-release-macos-x86_64, r-release-windows-x86_64, r-oldrel-macos-arm64, r-oldrel-macos-x86_64, r-oldrel-windows-x86_64