Last updated on 2025-05-12 03:49:59 CEST.
Flavor | Version | Tinstall | Tcheck | Ttotal | Status | Flags |
---|---|---|---|---|---|---|
r-devel-linux-x86_64-debian-clang | 0.2.8 | 17.41 | 326.41 | 343.82 | OK | |
r-devel-linux-x86_64-debian-gcc | 0.2.8 | 10.61 | 206.32 | 216.93 | OK | |
r-devel-linux-x86_64-fedora-clang | 0.2.8 | 586.45 | OK | |||
r-devel-linux-x86_64-fedora-gcc | 0.2.8 | 545.99 | OK | |||
r-devel-windows-x86_64 | 0.2.8 | 22.00 | 356.00 | 378.00 | OK | |
r-patched-linux-x86_64 | 0.2.8 | 16.25 | 308.84 | 325.09 | OK | |
r-release-linux-x86_64 | 0.2.8 | 16.22 | 312.37 | 328.59 | OK | |
r-release-macos-arm64 | 0.2.8 | 124.00 | OK | |||
r-release-macos-x86_64 | 0.2.8 | 386.00 | OK | |||
r-release-windows-x86_64 | 0.2.8 | 22.00 | 357.00 | 379.00 | OK | |
r-oldrel-macos-arm64 | 0.2.8 | 136.00 | NOTE | |||
r-oldrel-macos-x86_64 | 0.2.8 | 385.00 | NOTE | |||
r-oldrel-windows-x86_64 | 0.2.8 | 29.00 | 483.00 | 512.00 | NOTE |
Version: 0.2.8
Check: installed package size
Result: NOTE
installed size is 10.1Mb
sub-directories of 1Mb or more:
css_data 8.7Mb
Flavors: r-oldrel-macos-arm64, r-oldrel-macos-x86_64, r-oldrel-windows-x86_64