Last updated on 2025-05-10 17:50:45 CEST.
Flavor | Version | Tinstall | Tcheck | Ttotal | Status | Flags |
---|---|---|---|---|---|---|
r-devel-linux-x86_64-debian-clang | 0.1.0 | 5.70 | 51.43 | 57.13 | NOTE | |
r-devel-linux-x86_64-debian-gcc | 0.1.0 | 4.14 | 36.48 | 40.62 | NOTE | |
r-devel-linux-x86_64-fedora-clang | 0.1.0 | 85.12 | NOTE | |||
r-devel-linux-x86_64-fedora-gcc | 0.1.0 | 79.07 | NOTE | |||
r-devel-windows-x86_64 | 0.1.0 | 8.00 | 69.00 | 77.00 | OK | |
r-patched-linux-x86_64 | 0.1.0 | 5.71 | 45.60 | 51.31 | OK | |
r-release-linux-x86_64 | 0.1.0 | 5.45 | 45.02 | 50.47 | OK | |
r-release-macos-arm64 | 0.1.0 | 30.00 | OK | |||
r-release-macos-x86_64 | 0.1.0 | 57.00 | OK | |||
r-release-windows-x86_64 | 0.1.0 | 6.00 | 70.00 | 76.00 | OK | |
r-oldrel-macos-arm64 | 0.1.0 | 30.00 | NOTE | |||
r-oldrel-macos-x86_64 | 0.1.0 | 67.00 | NOTE | |||
r-oldrel-windows-x86_64 | 0.1.0 | 9.00 | 79.00 | 88.00 | NOTE |
Version: 0.1.0
Check: CRAN incoming feasibility
Result: NOTE
Maintainer: ‘Robert Myles McDonnell <robertmylesmcdonnell@gmail.com>’
No Authors@R field in DESCRIPTION.
Please add one, modifying
Authors@R: person(given = c("Robert", "Myles"),
family = "McDonnell",
role = c("aut", "cre"),
email = "robertmylesmcdonnell@gmail.com")
as necessary.
Flavors: r-devel-linux-x86_64-debian-clang, r-devel-linux-x86_64-debian-gcc
Version: 0.1.0
Check: dependencies in R code
Result: NOTE
Namespace in Imports field not imported from: ‘tibble’
All declared Imports should be used.
Flavors: r-devel-linux-x86_64-fedora-clang, r-devel-linux-x86_64-fedora-gcc
Version: 0.1.0
Check: LazyData
Result: NOTE
'LazyData' is specified without a 'data' directory
Flavors: r-oldrel-macos-arm64, r-oldrel-macos-x86_64, r-oldrel-windows-x86_64