Last updated on 2025-05-11 08:51:07 CEST.
Flavor | Version | Tinstall | Tcheck | Ttotal | Status | Flags |
---|---|---|---|---|---|---|
r-devel-linux-x86_64-debian-clang | 1.3.0 | 41.78 | 316.87 | 358.65 | NOTE | |
r-devel-linux-x86_64-debian-gcc | 1.3.0 | 27.53 | 200.91 | 228.44 | NOTE | |
r-devel-linux-x86_64-fedora-clang | 1.3.0 | 598.97 | OK | |||
r-devel-linux-x86_64-fedora-gcc | 1.3.0 | 530.99 | OK | |||
r-devel-windows-x86_64 | 1.3.0 | 37.00 | 238.00 | 275.00 | OK | |
r-patched-linux-x86_64 | 1.3.0 | 37.57 | 293.14 | 330.71 | OK | |
r-release-linux-x86_64 | 1.3.0 | 40.45 | 290.58 | 331.03 | OK | |
r-release-macos-arm64 | 1.3.0 | 113.00 | OK | |||
r-release-macos-x86_64 | 1.3.0 | 256.00 | OK | |||
r-release-windows-x86_64 | 1.3.0 | 37.00 | 242.00 | 279.00 | OK | |
r-oldrel-macos-arm64 | 1.3.0 | 113.00 | OK | |||
r-oldrel-macos-x86_64 | 1.3.0 | 198.00 | OK | |||
r-oldrel-windows-x86_64 | 1.3.0 | 50.00 | 336.00 | 386.00 | OK |
Version: 1.3.0
Check: CRAN incoming feasibility
Result: NOTE
Maintainer: ‘Yuri M. Zhukov <zhukov@umich.edu>’
No Authors@R field in DESCRIPTION.
Please add one, modifying
Authors@R: c(person(given = c("Yuri", "M."),
family = "Zhukov",
role = c("aut", "cre"),
email = "zhukov@umich.edu"),
person(given = "Jason",
family = "Byers",
role = "aut"),
person(given = "Marty",
family = "Davidson",
role = "aut"))
as necessary.
Flavors: r-devel-linux-x86_64-debian-clang, r-devel-linux-x86_64-debian-gcc