CRAN Package Check Results for Package STB

Last updated on 2025-05-10 14:52:34 CEST.

Flavor Version Tinstall Tcheck Ttotal Status Flags
r-devel-linux-x86_64-debian-clang 0.6.6 9.16 68.03 77.19 OK
r-devel-linux-x86_64-debian-gcc 0.6.6 7.94 50.40 58.34 OK
r-devel-linux-x86_64-fedora-clang 0.6.6 126.85 OK
r-devel-linux-x86_64-fedora-gcc 0.6.6 120.34 OK
r-devel-windows-x86_64 0.6.5 13.00 84.00 97.00 NOTE
r-patched-linux-x86_64 0.6.6 9.92 64.69 74.61 OK
r-release-linux-x86_64 0.6.6 9.45 65.25 74.70 OK
r-release-macos-arm64 0.6.6 37.00 OK
r-release-macos-x86_64 0.6.6 65.00 OK
r-release-windows-x86_64 0.6.6 17.00 96.00 113.00 OK
r-oldrel-macos-arm64 0.6.6 42.00 OK
r-oldrel-macos-x86_64 0.6.6 83.00 OK
r-oldrel-windows-x86_64 0.6.5 15.00 99.00 114.00 NOTE

Check Details

Version: 0.6.5
Check: Rd files
Result: NOTE checkRd: (-1) rankSTB.Rd:31: Lost braces; missing escapes or markup? 31 | are transformed to min. rank-values. In step 6) the "N_{k-1}-(1-alpha)*N largest" elements of "d_{l}^{theta}" have to | ^ checkRd: (-1) rankSTB.Rd:31: Lost braces; missing escapes or markup? 31 | are transformed to min. rank-values. In step 6) the "N_{k-1}-(1-alpha)*N largest" elements of "d_{l}^{theta}" have to | ^ checkRd: (-1) rankSTB.Rd:31: Lost braces; missing escapes or markup? 31 | are transformed to min. rank-values. In step 6) the "N_{k-1}-(1-alpha)*N largest" elements of "d_{l}^{theta}" have to | ^ checkRd: (-1) stb.default.Rd:43: Lost braces 43 | sampling from the standard normal distribution. Another example is defining func=function(n){rchisq(n=n, df=3, ncp=2)} | ^ Flavors: r-devel-windows-x86_64, r-oldrel-windows-x86_64

Version: 0.6.5
Check: Rd cross-references
Result: NOTE Found the following Rd file(s) with Rd \link{} targets missing package anchors: STB-Package.Rd: VCA stb.VCA.Rd: residuals.VCA, ranef.VCA Please provide package anchors for all Rd \link{} targets not in the package itself and the base packages. Flavor: r-devel-windows-x86_64