Last updated on 2025-10-31 22:50:11 CET.
| Flavor | Version | Tinstall | Tcheck | Ttotal | Status | Flags | 
|---|---|---|---|---|---|---|
| r-devel-linux-x86_64-debian-clang | 1.0.3 | 2.50 | 43.62 | 46.12 | NOTE | |
| r-devel-linux-x86_64-debian-gcc | 1.0.3 | 1.89 | 32.09 | 33.98 | NOTE | |
| r-devel-linux-x86_64-fedora-clang | 1.0.3 | 74.81 | NOTE | |||
| r-devel-linux-x86_64-fedora-gcc | 1.0.3 | 86.97 | NOTE | |||
| r-devel-windows-x86_64 | 1.0.3 | 3.00 | 58.00 | 61.00 | NOTE | |
| r-patched-linux-x86_64 | 1.0.3 | 2.71 | 41.71 | 44.42 | NOTE | |
| r-release-linux-x86_64 | 1.0.3 | 2.37 | 41.48 | 43.85 | NOTE | |
| r-release-macos-arm64 | 1.0.3 | 1.00 | 33.00 | 34.00 | NOTE | |
| r-release-macos-x86_64 | 1.0.3 | 3.00 | 59.00 | 62.00 | NOTE | |
| r-release-windows-x86_64 | 1.0.3 | 5.00 | 61.00 | 66.00 | NOTE | |
| r-oldrel-macos-arm64 | 1.0.3 | 1.00 | 28.00 | 29.00 | NOTE | |
| r-oldrel-macos-x86_64 | 1.0.3 | 2.00 | 43.00 | 45.00 | NOTE | |
| r-oldrel-windows-x86_64 | 1.0.3 | 4.00 | 70.00 | 74.00 | NOTE | 
Version: 1.0.3
Check: Rd files
Result: NOTE
  checkRd: (-1) SimModel1.Rd:21: Lost braces; missing escapes or markup?
      21 | \item{beta}{the \eqn{\beta} matrix, iqx+ip*ik, y_{1,t-1},y_{1,t-2},...,y_{2,t-1},y_{2,t-2},...}
         |                                                  ^
  checkRd: (-1) SimModel1.Rd:21: Lost braces; missing escapes or markup?
      21 | \item{beta}{the \eqn{\beta} matrix, iqx+ip*ik, y_{1,t-1},y_{1,t-2},...,y_{2,t-1},y_{2,t-2},...}
         |                                                            ^
  checkRd: (-1) SimModel1.Rd:21: Lost braces; missing escapes or markup?
      21 | \item{beta}{the \eqn{\beta} matrix, iqx+ip*ik, y_{1,t-1},y_{1,t-2},...,y_{2,t-1},y_{2,t-2},...}
         |                                                                          ^
  checkRd: (-1) SimModel1.Rd:21: Lost braces; missing escapes or markup?
      21 | \item{beta}{the \eqn{\beta} matrix, iqx+ip*ik, y_{1,t-1},y_{1,t-2},...,y_{2,t-1},y_{2,t-2},...}
         |                                                                                    ^
  checkRd: (-1) SimModel2.Rd:19: Lost braces; missing escapes or markup?
      19 | \item{beta_0}{the initial beta, iqx+ip*ik, y_{1,t-1},y_{1,t-2},...,y_{2,t-1},y_{2,t-2},....}
         |                                              ^
  checkRd: (-1) SimModel2.Rd:19: Lost braces; missing escapes or markup?
      19 | \item{beta_0}{the initial beta, iqx+ip*ik, y_{1,t-1},y_{1,t-2},...,y_{2,t-1},y_{2,t-2},....}
         |                                                        ^
  checkRd: (-1) SimModel2.Rd:19: Lost braces; missing escapes or markup?
      19 | \item{beta_0}{the initial beta, iqx+ip*ik, y_{1,t-1},y_{1,t-2},...,y_{2,t-1},y_{2,t-2},....}
         |                                                                      ^
  checkRd: (-1) SimModel2.Rd:19: Lost braces; missing escapes or markup?
      19 | \item{beta_0}{the initial beta, iqx+ip*ik, y_{1,t-1},y_{1,t-2},...,y_{2,t-1},y_{2,t-2},....}
         |                                                                                ^
Flavors: r-devel-linux-x86_64-debian-clang, r-devel-linux-x86_64-debian-gcc, r-devel-linux-x86_64-fedora-clang, r-devel-linux-x86_64-fedora-gcc, r-devel-windows-x86_64, r-patched-linux-x86_64, r-release-linux-x86_64, r-release-macos-arm64, r-release-macos-x86_64, r-release-windows-x86_64, r-oldrel-macos-arm64, r-oldrel-macos-x86_64, r-oldrel-windows-x86_64
Version: 1.0.3
Check: LazyData
Result: NOTE
    'LazyData' is specified without a 'data' directory
Flavors: r-oldrel-macos-arm64, r-oldrel-macos-x86_64, r-oldrel-windows-x86_64