Last updated on 2025-10-02 05:48:40 CEST.
Flavor | Version | Tinstall | Tcheck | Ttotal | Status | Flags |
---|---|---|---|---|---|---|
r-devel-linux-x86_64-debian-clang | 1.2.0 | 6.93 | 68.41 | 75.34 | OK | |
r-devel-linux-x86_64-debian-gcc | 1.2.0 | 5.69 | 50.76 | 56.45 | OK | |
r-devel-linux-x86_64-fedora-clang | 1.2.0 | 118.62 | OK | |||
r-devel-linux-x86_64-fedora-gcc | 1.2.0 | 119.46 | OK | |||
r-devel-windows-x86_64 | 1.2.0 | 8.00 | 97.00 | 105.00 | OK | |
r-patched-linux-x86_64 | 1.2.0 | 6.98 | 65.83 | 72.81 | OK | |
r-release-linux-x86_64 | 1.2.0 | 7.05 | 65.88 | 72.93 | OK | |
r-release-macos-arm64 | 1.2.0 | 39.00 | OK | |||
r-release-macos-x86_64 | 1.2.0 | 110.00 | OK | |||
r-release-windows-x86_64 | 1.2.0 | 9.00 | 82.00 | 91.00 | OK | |
r-oldrel-macos-arm64 | 1.2.0 | 42.00 | OK | |||
r-oldrel-macos-x86_64 | 1.2.0 | 117.00 | OK | |||
r-oldrel-windows-x86_64 | 1.2.0 | 13.00 | 98.00 | 111.00 | NOTE |
Version: 1.2.0
Check: package dependencies
Result: NOTE
Package suggested but not available for checking: 'gpuR'
Flavor: r-oldrel-windows-x86_64