Last updated on 2025-05-11 00:49:49 CEST.
Flavor | Version | Tinstall | Tcheck | Ttotal | Status | Flags |
---|---|---|---|---|---|---|
r-devel-linux-x86_64-debian-clang | 1.2.0 | 2.19 | 22.09 | 24.28 | NOTE | |
r-devel-linux-x86_64-debian-gcc | 1.2.0 | 2.08 | 17.94 | 20.02 | NOTE | |
r-devel-linux-x86_64-fedora-clang | 1.2.0 | 37.94 | OK | |||
r-devel-linux-x86_64-fedora-gcc | 1.2.0 | 36.54 | OK | |||
r-devel-windows-x86_64 | 1.2.0 | 4.00 | 48.00 | 52.00 | OK | |
r-patched-linux-x86_64 | 1.2.0 | 2.17 | 21.42 | 23.59 | OK | |
r-release-linux-x86_64 | 1.2.0 | 1.65 | 20.97 | 22.62 | OK | |
r-release-macos-arm64 | 1.2.0 | 27.00 | OK | |||
r-release-macos-x86_64 | 1.2.0 | 27.00 | OK | |||
r-release-windows-x86_64 | 1.2.0 | 4.00 | 48.00 | 52.00 | OK | |
r-oldrel-macos-arm64 | 1.2.0 | 17.00 | OK | |||
r-oldrel-macos-x86_64 | 1.2.0 | 26.00 | OK | |||
r-oldrel-windows-x86_64 | 1.2.0 | 4.00 | 52.00 | 56.00 | OK |
Version: 1.2.0
Check: CRAN incoming feasibility
Result: NOTE
Maintainer: ‘Ze Zhang <Ze.Zhang@utsouthwestern.edu>’
No Authors@R field in DESCRIPTION.
Please add one, modifying
Authors@R: person(given = "Ze",
family = "Zhang",
role = c("aut", "cre"),
email = "ze.zhang@utsouthwestern.edu")
as necessary.
Flavors: r-devel-linux-x86_64-debian-clang, r-devel-linux-x86_64-debian-gcc