Last updated on 2025-05-11 00:49:48 CEST.
Flavor | Version | Tinstall | Tcheck | Ttotal | Status | Flags |
---|---|---|---|---|---|---|
r-devel-linux-x86_64-debian-clang | 1.2 | 3.37 | 32.10 | 35.47 | NOTE | |
r-devel-linux-x86_64-debian-gcc | 1.2 | 2.84 | 22.93 | 25.77 | NOTE | |
r-devel-linux-x86_64-fedora-clang | 1.2 | 58.89 | OK | |||
r-devel-linux-x86_64-fedora-gcc | 1.2 | 76.76 | OK | |||
r-devel-windows-x86_64 | 1.2 | 6.00 | 55.00 | 61.00 | OK | |
r-patched-linux-x86_64 | 1.2 | 3.82 | 30.16 | 33.98 | OK | |
r-release-linux-x86_64 | 1.2 | 3.75 | 30.13 | 33.88 | OK | |
r-release-macos-arm64 | 1.2 | 38.00 | OK | |||
r-release-macos-x86_64 | 1.2 | 52.00 | OK | |||
r-release-windows-x86_64 | 1.2 | 6.00 | 56.00 | 62.00 | OK | |
r-oldrel-macos-arm64 | 1.2 | 24.00 | OK | |||
r-oldrel-macos-x86_64 | 1.2 | 39.00 | OK | |||
r-oldrel-windows-x86_64 | 1.2 | 7.00 | 62.00 | 69.00 | OK |
Version: 1.2
Check: CRAN incoming feasibility
Result: NOTE
Maintainer: ‘Rampal S. Etienne <r.s.etienne@rug.nl>’
No Authors@R field in DESCRIPTION.
Please add one, modifying
Authors@R: c(person(given = c("Rampal", "S.", "Etienne", "&", "Bart"),
family = "Haegeman",
role = "aut"),
person(given = c("Rampal", "S."),
family = "Etienne",
role = "cre",
email = "r.s.etienne@rug.nl"))
as necessary.
Flavors: r-devel-linux-x86_64-debian-clang, r-devel-linux-x86_64-debian-gcc