Last updated on 2025-10-31 18:51:16 CET.
| Flavor | Version | Tinstall | Tcheck | Ttotal | Status | Flags | 
|---|---|---|---|---|---|---|
| r-devel-linux-x86_64-debian-clang | 1.4-7 | 21.41 | 84.49 | 105.90 | NOTE | |
| r-devel-linux-x86_64-debian-gcc | 1.4-7 | 13.53 | 58.26 | 71.79 | NOTE | |
| r-devel-linux-x86_64-fedora-clang | 1.4-7 | 47.00 | 117.09 | 164.09 | OK | |
| r-devel-linux-x86_64-fedora-gcc | 1.4-7 | 44.00 | 110.12 | 154.12 | OK | |
| r-devel-windows-x86_64 | 1.4-7 | 23.00 | 99.00 | 122.00 | OK | |
| r-patched-linux-x86_64 | 1.4-7 | 19.63 | 80.28 | 99.91 | OK | |
| r-release-linux-x86_64 | 1.4-7 | 17.20 | 79.11 | 96.31 | OK | |
| r-release-macos-arm64 | 1.4-7 | 13.00 | 41.00 | 54.00 | OK | |
| r-release-macos-x86_64 | 1.4-7 | 19.00 | 90.00 | 109.00 | OK | |
| r-release-windows-x86_64 | 1.4-7 | 24.00 | 102.00 | 126.00 | OK | |
| r-oldrel-macos-arm64 | 1.4-7 | 11.00 | 35.00 | 46.00 | OK | |
| r-oldrel-macos-x86_64 | 1.4-7 | 27.00 | 77.00 | 104.00 | OK | |
| r-oldrel-windows-x86_64 | 1.4-7 | 29.00 | 122.00 | 151.00 | OK | 
Version: 1.4-7
Check: CRAN incoming feasibility
Result: NOTE
  Maintainer: ‘A. Randriamiharisoa <exelami@gmail.com>’
  
  No Authors@R field in DESCRIPTION.
  Please add one, modifying
    Authors@R: c(person(given = "Alfio",
                        family = "Marazzi",
                        role = "aut",
                        email = "Alfio.Marazzi@unisante.ch"),
                 person(given = "Jean-Luc",
                        family = "Muralti",
                        role = "aut"),
                 person(given = "A.",
                        family = "Randriamiharisoa",
                        role = "cre",
                        email = "exelami@gmail.com"))
  as necessary.
Flavors: r-devel-linux-x86_64-debian-clang, r-devel-linux-x86_64-debian-gcc