Last updated on 2025-10-09 06:51:19 CEST.
Flavor | Version | Tinstall | Tcheck | Ttotal | Status | Flags |
---|---|---|---|---|---|---|
r-devel-linux-x86_64-debian-clang | 0.1.0 | 34.01 | 270.61 | 304.62 | OK | |
r-devel-linux-x86_64-debian-gcc | 0.1.0 | 20.05 | 172.75 | 192.80 | OK | |
r-devel-linux-x86_64-fedora-clang | 0.1.0 | 552.07 | NOTE | |||
r-devel-linux-x86_64-fedora-gcc | 0.1.0 | 484.63 | NOTE | |||
r-devel-windows-x86_64 | 0.1.0 | 32.00 | 205.00 | 237.00 | OK | |
r-patched-linux-x86_64 | 0.1.0 | 35.37 | 255.28 | 290.65 | OK | |
r-release-linux-x86_64 | 0.1.0 | 31.78 | 254.49 | 286.27 | OK | |
r-release-macos-arm64 | 0.1.0 | 97.00 | OK | |||
r-release-macos-x86_64 | 0.1.0 | 221.00 | OK | |||
r-release-windows-x86_64 | 0.1.0 | 31.00 | 204.00 | 235.00 | OK | |
r-oldrel-macos-arm64 | 0.1.0 | 97.00 | OK | |||
r-oldrel-macos-x86_64 | 0.1.0 | 242.00 | OK | |||
r-oldrel-windows-x86_64 | 0.1.0 | 47.00 | 275.00 | 322.00 | OK |
Version: 0.1.0
Check: dependencies in R code
Result: NOTE
Namespace in Imports field not imported from: ‘maxLik’
All declared Imports should be used.
Flavors: r-devel-linux-x86_64-fedora-clang, r-devel-linux-x86_64-fedora-gcc