Last updated on 2025-05-10 08:50:49 CEST.
Flavor | Version | Tinstall | Tcheck | Ttotal | Status | Flags |
---|---|---|---|---|---|---|
r-devel-linux-x86_64-debian-clang | 0.23-42 | 4.79 | 18.19 | 22.98 | NOTE | |
r-devel-linux-x86_64-debian-gcc | 0.23-42 | 3.70 | 15.24 | 18.94 | NOTE | |
r-devel-linux-x86_64-fedora-clang | 0.23-42 | 36.36 | OK | |||
r-devel-linux-x86_64-fedora-gcc | 0.23-42 | 35.48 | OK | |||
r-devel-windows-x86_64 | 0.23-42 | 7.00 | 39.00 | 46.00 | OK | |
r-patched-linux-x86_64 | 0.23-42 | 3.69 | 17.75 | 21.44 | OK | |
r-release-linux-x86_64 | 0.23-42 | 3.50 | 17.43 | 20.93 | OK | |
r-release-macos-arm64 | 0.23-42 | 22.00 | OK | |||
r-release-macos-x86_64 | 0.23-42 | 43.00 | OK | |||
r-release-windows-x86_64 | 0.23-42 | 8.00 | 39.00 | 47.00 | OK | |
r-oldrel-macos-arm64 | 0.23-42 | 24.00 | OK | |||
r-oldrel-macos-x86_64 | 0.23-42 | 30.00 | OK | |||
r-oldrel-windows-x86_64 | 0.23-42 | 6.00 | 38.00 | 44.00 | OK |
Version: 0.23-42
Check: CRAN incoming feasibility
Result: NOTE
Maintainer: ‘Ei-ji Nakama <nakama@ki.rim.or.jp>’
No Authors@R field in DESCRIPTION.
Please add one, modifying
Authors@R: c(person(given = "Junji",
family = "NAKANO",
role = "aut",
email = "nakanoj@ism.ac.jp"),
person(given = "Ei-ji",
family = "Nakama",
role = c("aut", "cre"),
email = "nakama@ki.rim.or.jp"))
as necessary.
Flavors: r-devel-linux-x86_64-debian-clang, r-devel-linux-x86_64-debian-gcc