Last updated on 2025-10-31 18:51:15 CET.
| Flavor | Version | Tinstall | Tcheck | Ttotal | Status | Flags | 
|---|---|---|---|---|---|---|
| r-devel-linux-x86_64-debian-clang | 1.0 | 13.96 | 24.16 | 38.12 | NOTE | |
| r-devel-linux-x86_64-debian-gcc | 1.0 | 11.23 | 19.43 | 30.66 | NOTE | |
| r-devel-linux-x86_64-fedora-clang | 1.0 | 29.00 | 32.37 | 61.37 | OK | |
| r-devel-linux-x86_64-fedora-gcc | 1.0 | 37.00 | 26.75 | 63.75 | OK | |
| r-devel-windows-x86_64 | 1.0 | 19.00 | 60.00 | 79.00 | OK | |
| r-patched-linux-x86_64 | 1.0 | 16.38 | 22.83 | 39.21 | OK | |
| r-release-linux-x86_64 | 1.0 | 16.22 | 23.08 | 39.30 | OK | |
| r-release-macos-arm64 | 1.0 | 6.00 | 15.00 | 21.00 | OK | |
| r-release-macos-x86_64 | 1.0 | 9.00 | 24.00 | 33.00 | OK | |
| r-release-windows-x86_64 | 1.0 | 18.00 | 69.00 | 87.00 | OK | |
| r-oldrel-macos-arm64 | 1.0 | 7.00 | 14.00 | 21.00 | OK | |
| r-oldrel-macos-x86_64 | 1.0 | 8.00 | 22.00 | 30.00 | OK | |
| r-oldrel-windows-x86_64 | 1.0 | 18.00 | 92.00 | 110.00 | OK | 
Version: 1.0
Check: CRAN incoming feasibility
Result: NOTE
  Maintainer: ‘Louis Raimbault <Louis.Raimbault@icloud.com>’
  
  No Authors@R field in DESCRIPTION.
  Please add one, modifying
    Authors@R: c(person(given = "Louis",
                        family = "Raimbault",
                        role = c("aut", "cre"),
                        email = "louis.raimbault@icloud.com"),
                 person(family = "A.Mokkadem",
                        role = "aut"),
                 person(family = "M.Pelletier",
                        role = "aut"))
  as necessary.
  
  The Description field contains
    Raimbault (2020) <arXiv:2011.14195>.
  Please refer to arXiv e-prints via their arXiv DOI <doi:10.48550/arXiv.YYMM.NNNNN>.
  
  The BugReports field in DESCRIPTION has
    https://github.com/LouisRaimbault/RecAssoRules-R
  which should likely be
    https://github.com/LouisRaimbault/RecAssoRules-R/issues
  instead.
Flavors: r-devel-linux-x86_64-debian-clang, r-devel-linux-x86_64-debian-gcc