Last updated on 2025-10-22 04:52:39 CEST.
Flavor | Version | Tinstall | Tcheck | Ttotal | Status | Flags |
---|---|---|---|---|---|---|
r-devel-linux-x86_64-debian-clang | 0.0.6 | 9.69 | 27.08 | 36.77 | NOTE | |
r-devel-linux-x86_64-debian-gcc | 0.0.6 | 8.09 | 22.07 | 30.16 | NOTE | |
r-devel-linux-x86_64-fedora-clang | 0.0.6 | 71.00 | -3.10 | 67.90 | OK | |
r-devel-linux-x86_64-fedora-gcc | 0.0.6 | 25.00 | 33.85 | 58.85 | OK | |
r-devel-windows-x86_64 | 0.0.6 | 15.00 | 65.00 | 80.00 | OK | |
r-patched-linux-x86_64 | 0.0.6 | 10.96 | 25.67 | 36.63 | OK | |
r-release-linux-x86_64 | 0.0.6 | 10.63 | 25.60 | 36.23 | OK | |
r-release-macos-arm64 | 0.0.6 | 5.00 | 20.00 | 25.00 | OK | |
r-release-macos-x86_64 | 0.0.6 | 11.00 | 31.00 | 42.00 | OK | |
r-release-windows-x86_64 | 0.0.6 | 16.00 | 67.00 | 83.00 | OK | |
r-oldrel-macos-arm64 | 0.0.6 | 5.00 | 17.00 | 22.00 | OK | |
r-oldrel-macos-x86_64 | 0.0.6 | 8.00 | 28.00 | 36.00 | OK | |
r-oldrel-windows-x86_64 | 0.0.6 | 18.00 | 85.00 | 103.00 | OK |
Version: 0.0.6
Check: CRAN incoming feasibility
Result: NOTE
Maintainer: ‘Dirk Eddelbuettel <edd@debian.org>’
No Authors@R field in DESCRIPTION.
Please add one, modifying
Authors@R: person(given = "Dirk",
family = "Eddelbuettel",
role = c("aut", "cre"),
email = "edd@debian.org")
as necessary.
Flavors: r-devel-linux-x86_64-debian-clang, r-devel-linux-x86_64-debian-gcc