Last updated on 2025-10-21 10:49:44 CEST.
Flavor | Version | Tinstall | Tcheck | Ttotal | Status | Flags |
---|---|---|---|---|---|---|
r-devel-linux-x86_64-debian-clang | 0.6-0 | 29.71 | 107.51 | 137.22 | OK | |
r-devel-linux-x86_64-debian-gcc | 0.6-0 | 22.77 | 88.16 | 110.93 | NOTE | |
r-devel-linux-x86_64-fedora-clang | 0.6-0 | 253.83 | OK | |||
r-devel-linux-x86_64-fedora-gcc | 0.6-0 | 260.10 | OK | |||
r-devel-windows-x86_64 | 0.6-0 | 36.00 | 191.00 | 227.00 | OK | |
r-patched-linux-x86_64 | 0.6-0 | 32.49 | 119.50 | 151.99 | OK | |
r-release-linux-x86_64 | 0.6-0 | 31.33 | 118.96 | 150.29 | OK | |
r-release-macos-arm64 | 0.6-0 | 66.00 | OK | |||
r-release-macos-x86_64 | 0.6-0 | 146.00 | OK | |||
r-release-windows-x86_64 | 0.6-0 | 37.00 | 201.00 | 238.00 | OK | |
r-oldrel-macos-arm64 | 0.6-0 | 65.00 | NOTE | |||
r-oldrel-macos-x86_64 | 0.6-0 | 111.00 | NOTE | |||
r-oldrel-windows-x86_64 | 0.6-0 | 44.00 | 219.00 | 263.00 | OK |
Version: 0.6-0
Check: top-level files
Result: NOTE
Found the following validation problem for the NEWS.Rd HTML conversion:
NEWS.html:206:1 (inst/NEWS.Rd:96): Warning: missing </ul> before </div>
NEWS.html:51:1 (inst/NEWS.Rd:18): Warning: <h4> anchor "NEW-FEATURES" already defined
NEWS.html:66:1 (inst/NEWS.Rd:26): Warning: <h4> anchor "NEW-FEATURES" already defined
NEWS.html:83:1 (inst/NEWS.Rd:36): Warning: <h4> anchor "BUG-FIXES" already defined
NEWS.html:102:1 (inst/NEWS.Rd:46): Warning: <h4> anchor "BUG-FIXES" already defined
NEWS.html:120:1 (inst/NEWS.Rd:55): Warning: <h4> anchor "BUG-FIXES" already defined
NEWS.html:135:1 (inst/NEWS.Rd:63): Warning: <h4> anchor "NEW-FEATURES" already defined
NEWS.html:149:1 (inst/NEWS.Rd:69): Warning: <h4> anchor "BUG-FIXES" already defined
NEWS.html:169:1 (inst/NEWS.Rd:80): Warning: <h4> anchor "NEW-FEATURES" already defined
NEWS.html:184:1 (inst/NEWS.Rd:88): Warning: <h4> anchor "NEW-FEATURES" already defined
Flavor: r-devel-linux-x86_64-debian-gcc
Version: 0.6-0
Check: installed package size
Result: NOTE
installed size is 6.6Mb
sub-directories of 1Mb or more:
libs 6.0Mb
Flavors: r-oldrel-macos-arm64, r-oldrel-macos-x86_64