Last updated on 2025-10-21 21:51:31 CEST.
Flavor | Version | Tinstall | Tcheck | Ttotal | Status | Flags |
---|---|---|---|---|---|---|
r-devel-linux-x86_64-debian-clang | 0.1.0 | 12.48 | 27.44 | 39.92 | NOTE | |
r-devel-linux-x86_64-debian-gcc | 0.1.0 | 8.30 | 21.67 | 29.97 | NOTE | |
r-devel-linux-x86_64-fedora-clang | 0.1.0 | 27.00 | 35.98 | 62.98 | NOTE | |
r-devel-linux-x86_64-fedora-gcc | 0.1.0 | 28.00 | 30.48 | 58.48 | NOTE | |
r-devel-windows-x86_64 | 0.1.0 | 16.00 | 66.00 | 82.00 | NOTE | |
r-patched-linux-x86_64 | 0.1.0 | 12.38 | 24.68 | 37.06 | NOTE | |
r-release-linux-x86_64 | 0.1.0 | 11.92 | 24.36 | 36.28 | NOTE | |
r-release-macos-arm64 | 0.1.0 | 6.00 | 14.00 | 20.00 | NOTE | |
r-release-macos-x86_64 | 0.1.0 | 14.00 | 33.00 | 47.00 | NOTE | |
r-release-windows-x86_64 | 0.1.0 | 16.00 | 66.00 | 82.00 | NOTE | |
r-oldrel-macos-arm64 | 0.1.0 | 6.00 | 14.00 | 20.00 | NOTE | |
r-oldrel-macos-x86_64 | 0.1.0 | 9.00 | 28.00 | 37.00 | NOTE | |
r-oldrel-windows-x86_64 | 0.1.0 | 16.00 | 74.00 | 90.00 | NOTE |
Version: 0.1.0
Check: C++ specification
Result: NOTE
Specified C++11: please drop specification unless essential
Flavors: r-devel-linux-x86_64-debian-clang, r-devel-linux-x86_64-debian-gcc, r-devel-linux-x86_64-fedora-clang, r-devel-linux-x86_64-fedora-gcc, r-devel-windows-x86_64, r-patched-linux-x86_64, r-release-linux-x86_64, r-release-macos-arm64, r-release-macos-x86_64, r-release-windows-x86_64, r-oldrel-macos-arm64, r-oldrel-macos-x86_64, r-oldrel-windows-x86_64
Version: 0.1.0
Check: LazyData
Result: NOTE
'LazyData' is specified without a 'data' directory
Flavors: r-oldrel-macos-arm64, r-oldrel-macos-x86_64, r-oldrel-windows-x86_64