Last updated on 2025-05-08 21:51:24 CEST.
Flavor | Version | Tinstall | Tcheck | Ttotal | Status | Flags |
---|---|---|---|---|---|---|
r-devel-linux-x86_64-debian-clang | 0.1.10 | 60.70 | 400.61 | 461.31 | OK | |
r-devel-linux-x86_64-debian-gcc | 0.1.10 | 42.61 | 342.44 | 385.05 | OK | |
r-devel-linux-x86_64-fedora-clang | 0.1.10 | 753.51 | OK | |||
r-devel-linux-x86_64-fedora-gcc | 0.1.10 | 776.25 | OK | |||
r-devel-windows-x86_64 | 0.1.10 | 79.00 | 495.00 | 574.00 | OK | |
r-patched-linux-x86_64 | 0.1.10 | 60.18 | 424.10 | 484.28 | OK | |
r-release-linux-x86_64 | 0.1.10 | 58.88 | 427.30 | 486.18 | OK | |
r-release-macos-arm64 | 0.1.10 | 477.00 | OK | |||
r-release-macos-x86_64 | 0.1.10 | 763.00 | OK | |||
r-release-windows-x86_64 | 0.1.10 | 78.00 | 504.00 | 582.00 | OK | |
r-oldrel-macos-arm64 | 0.1.10 | 417.00 | NOTE | |||
r-oldrel-macos-x86_64 | 0.1.10 | 597.00 | NOTE | |||
r-oldrel-windows-x86_64 | 0.1.10 | 90.00 | 604.00 | 694.00 | OK |
Version: 0.1.10
Check: installed package size
Result: NOTE
installed size is 7.7Mb
sub-directories of 1Mb or more:
extdata 2.6Mb
libs 5.0Mb
Flavors: r-oldrel-macos-arm64, r-oldrel-macos-x86_64