Last updated on 2025-10-31 15:48:50 CET.
| Flavor | Version | Tinstall | Tcheck | Ttotal | Status | Flags | 
|---|---|---|---|---|---|---|
| r-devel-linux-x86_64-debian-clang | 1.8 | 31.38 | 179.20 | 210.58 | NOTE | |
| r-devel-linux-x86_64-debian-gcc | 1.8 | 20.85 | 131.11 | 151.96 | NOTE | |
| r-devel-linux-x86_64-fedora-clang | 1.8 | 74.00 | 264.22 | 338.22 | OK | |
| r-devel-linux-x86_64-fedora-gcc | 1.8 | 63.00 | 254.07 | 317.07 | OK | |
| r-devel-windows-x86_64 | 1.8 | 45.00 | 287.00 | 332.00 | OK | |
| r-patched-linux-x86_64 | 1.8 | 31.97 | 177.50 | 209.47 | OK | |
| r-release-linux-x86_64 | 1.8 | 32.51 | 176.64 | 209.15 | OK | |
| r-release-macos-arm64 | 1.8 | 18.00 | 90.00 | 108.00 | OK | |
| r-release-macos-x86_64 | 1.8 | 28.00 | 140.00 | 168.00 | OK | |
| r-release-windows-x86_64 | 1.8 | 33.00 | 187.00 | 220.00 | OK | |
| r-oldrel-macos-arm64 | 1.8 | 19.00 | 95.00 | 114.00 | OK | |
| r-oldrel-macos-x86_64 | 1.8 | 23.00 | 112.00 | 135.00 | OK | |
| r-oldrel-windows-x86_64 | 1.8 | 41.00 | 218.00 | 259.00 | OK | 
Version: 1.8
Check: CRAN incoming feasibility
Result: NOTE
  Maintainer: ‘Francois Husson <francois.husson@institut-agro.fr>’
  
  No Authors@R field in DESCRIPTION.
  Please add one, modifying
    Authors@R: c(person(given = "Francois",
                        family = "Husson",
                        role = c("aut", "cre"),
                        email = "francois.husson@institut-agro.fr"),
                 person(given = "Julie",
                        family = "Josse",
                        role = "aut"),
                 person(given = "Sebastien",
                        family = "Le",
                        role = "aut"))
  as necessary.
Flavors: r-devel-linux-x86_64-debian-clang, r-devel-linux-x86_64-debian-gcc