Last updated on 2025-05-11 00:49:46 CEST.
Flavor | Version | Tinstall | Tcheck | Ttotal | Status | Flags |
---|---|---|---|---|---|---|
r-devel-linux-x86_64-debian-clang | 2.2.2 | 25.09 | 166.29 | 191.38 | NOTE | |
r-devel-linux-x86_64-debian-gcc | 2.2.2 | 18.31 | 111.42 | 129.73 | NOTE | |
r-devel-linux-x86_64-fedora-clang | 2.2.2 | 281.05 | OK | |||
r-devel-linux-x86_64-fedora-gcc | 2.2.2 | 314.35 | OK | |||
r-devel-windows-x86_64 | 2.2.2 | 30.00 | 243.00 | 273.00 | NOTE | |
r-patched-linux-x86_64 | 2.2.2 | 26.49 | 158.00 | 184.49 | NOTE | |
r-release-linux-x86_64 | 2.2.2 | 24.74 | 153.84 | 178.58 | NOTE | |
r-release-macos-arm64 | 2.2.2 | 73.00 | OK | |||
r-release-macos-x86_64 | 2.2.2 | 216.00 | OK | |||
r-release-windows-x86_64 | 2.2.2 | 33.00 | 185.00 | 218.00 | NOTE | |
r-oldrel-macos-arm64 | 2.2.2 | 79.00 | OK | |||
r-oldrel-macos-x86_64 | 2.2.2 | 135.00 | OK | |||
r-oldrel-windows-x86_64 | 2.2.2 | 41.00 | 237.00 | 278.00 | OK |
Version: 2.2.2
Check: Rd cross-references
Result: NOTE
Found the following Rd file(s) with Rd \link{} targets missing package
anchors:
cmax.Rd: apply.yearly, apply.monthly
rvn_rvi_process_diagrammer.Rd: render_graph
rvn_write_Raven_table.Rd: write.fwf
rvn_wyear_indices.Rd: endpoints
Please provide package anchors for all Rd \link{} targets not in the
package itself and the base packages.
Flavors: r-devel-linux-x86_64-debian-clang, r-devel-linux-x86_64-debian-gcc, r-devel-windows-x86_64, r-patched-linux-x86_64, r-release-linux-x86_64, r-release-windows-x86_64